CRAN Package Check Results for Package forestr

Last updated on 2019-08-18 05:46:14 CEST.

Flavor Version Tinstall Tcheck Ttotal Status Flags
r-devel-linux-x86_64-debian-clang 1.0.1 3.43 42.69 46.12 NOTE
r-devel-linux-x86_64-debian-gcc 1.0.1 2.96 34.10 37.06 NOTE
r-devel-linux-x86_64-fedora-clang 1.0.1 57.09 NOTE
r-devel-linux-x86_64-fedora-gcc 1.0.1 53.25 NOTE
r-devel-windows-ix86+x86_64 1.0.1 11.00 87.00 98.00 OK
r-patched-linux-x86_64 1.0.1 3.32 41.87 45.19 OK
r-patched-solaris-x86 1.0.1 86.70 OK
r-release-linux-x86_64 1.0.1 3.80 41.97 45.77 OK
r-release-windows-ix86+x86_64 1.0.1 11.00 81.00 92.00 OK
r-release-osx-x86_64 1.0.1 OK
r-oldrel-windows-ix86+x86_64 1.0.1 9.00 77.00 86.00 OK
r-oldrel-osx-x86_64 1.0.1 OK

Check Details

Version: 1.0.1
Check: for non-standard things in the check directory
Result: NOTE
    Found the following files/directories:
     'output'
Flavors: r-devel-linux-x86_64-debian-clang, r-devel-linux-x86_64-debian-gcc, r-devel-linux-x86_64-fedora-clang, r-devel-linux-x86_64-fedora-gcc