CRAN Package Check Results for Package formattable

Last updated on 2022-06-25 05:51:16 CEST.

Flavor Version Tinstall Tcheck Ttotal Status Flags
r-devel-linux-x86_64-debian-clang 0.2.1 4.48 48.25 52.73 NOTE
r-devel-linux-x86_64-debian-gcc 0.2.1 2.82 37.51 40.33 NOTE
r-devel-linux-x86_64-fedora-clang 0.2.1 72.16 NOTE
r-devel-linux-x86_64-fedora-gcc 0.2.1 71.38 NOTE
r-devel-windows-x86_64 0.2.1 59.00 89.00 148.00 NOTE
r-patched-linux-x86_64 0.2.1 5.03 46.55 51.58 NOTE
r-release-linux-x86_64 0.2.1 4.02 46.63 50.65 NOTE
r-release-macos-arm64 0.2.1 26.00 NOTE
r-release-macos-x86_64 0.2.1 37.00 NOTE
r-release-windows-x86_64 0.2.1 71.00 88.00 159.00 NOTE
r-oldrel-macos-arm64 0.2.1 31.00 NOTE
r-oldrel-macos-x86_64 0.2.1 43.00 NOTE
r-oldrel-windows-ix86+x86_64 0.2.1 10.00 74.00 84.00 NOTE

Check Details

Version: 0.2.1
Check: LazyData
Result: NOTE
     'LazyData' is specified without a 'data' directory
Flavors: r-devel-linux-x86_64-debian-clang, r-devel-linux-x86_64-debian-gcc, r-devel-linux-x86_64-fedora-clang, r-devel-linux-x86_64-fedora-gcc, r-devel-windows-x86_64, r-patched-linux-x86_64, r-release-linux-x86_64, r-release-macos-arm64, r-release-macos-x86_64, r-release-windows-x86_64, r-oldrel-macos-arm64, r-oldrel-macos-x86_64, r-oldrel-windows-ix86+x86_64