CRAN Package Check Results for Package formattable

Last updated on 2022-01-25 05:54:43 CET.

Flavor Version Tinstall Tcheck Ttotal Status Flags
r-devel-linux-x86_64-debian-clang 0.2.1 3.52 50.33 53.85 NOTE
r-devel-linux-x86_64-debian-gcc 0.2.1 3.12 40.39 43.51 NOTE
r-devel-linux-x86_64-fedora-clang 0.2.1 66.97 NOTE
r-devel-linux-x86_64-fedora-gcc 0.2.1 56.21 NOTE
r-devel-windows-x86_64-new-UL 0.2.1 121.00 111.00 232.00 NOTE
r-devel-windows-x86_64-new-TK 0.2.1 NOTE
r-patched-linux-x86_64 0.2.1 4.13 50.90 55.03 NOTE
r-release-linux-x86_64 0.2.1 3.33 50.60 53.93 NOTE
r-release-macos-arm64 0.2.1 NOTE
r-release-macos-x86_64 0.2.1 NOTE
r-release-windows-ix86+x86_64 0.2.1 12.00 67.00 79.00 NOTE
r-oldrel-macos-x86_64 0.2.1 OK
r-oldrel-windows-ix86+x86_64 0.2.1 10.00 66.00 76.00 OK

Check Details

Version: 0.2.1
Check: LazyData
Result: NOTE
     'LazyData' is specified without a 'data' directory
Flavors: r-devel-linux-x86_64-debian-clang, r-devel-linux-x86_64-debian-gcc, r-devel-linux-x86_64-fedora-clang, r-devel-linux-x86_64-fedora-gcc, r-devel-windows-x86_64-new-UL, r-devel-windows-x86_64-new-TK, r-patched-linux-x86_64, r-release-linux-x86_64, r-release-macos-arm64, r-release-macos-x86_64, r-release-windows-ix86+x86_64