CRAN Package Check Results for Package forplo

Last updated on 2022-01-26 05:54:15 CET.

Flavor Version Tinstall Tcheck Ttotal Status Flags
r-devel-linux-x86_64-debian-clang 0.1.0 2.77 39.98 42.75 OK
r-devel-linux-x86_64-debian-gcc 0.1.0 1.96 31.43 33.39 OK
r-devel-linux-x86_64-fedora-clang 0.1.0 52.13 OK
r-devel-linux-x86_64-fedora-gcc 0.1.0 40.95 OK
r-devel-windows-x86_64-new-UL 0.1.0 21.00 69.00 90.00 OK
r-devel-windows-x86_64-new-TK 0.1.0 WARN
r-patched-linux-x86_64 0.1.0 2.09 37.27 39.36 OK
r-release-linux-x86_64 0.1.0 2.43 37.90 40.33 OK
r-release-macos-arm64 0.1.0 OK
r-release-macos-x86_64 0.1.0 OK
r-release-windows-ix86+x86_64 0.1.0 6.00 49.00 55.00 OK
r-oldrel-macos-x86_64 0.1.0 OK
r-oldrel-windows-ix86+x86_64 0.1.0 6.00 47.00 53.00 OK

Check Details

Version: 0.1.0
Check: package dependencies
Result: NOTE
    Package suggested but not available for checking: 'meta'
Flavor: r-devel-windows-x86_64-new-TK

Version: 0.1.0
Check: re-building of vignette outputs
Result: WARN
    Error(s) in re-building vignettes:
    --- re-building 'forplo_vignette.Rmd' using rmarkdown
    Warning in doTryCatch(return(expr), name, parentenv, handler) :
     font family not found in Windows font database
    Warning in doTryCatch(return(expr), name, parentenv, handler) :
     font family not found in Windows font database
    Warning in doTryCatch(return(expr), name, parentenv, handler) :
     font family not found in Windows font database
    Warning in doTryCatch(return(expr), name, parentenv, handler) :
     font family not found in Windows font database
    Warning in doTryCatch(return(expr), name, parentenv, handler) :
     font family not found in Windows font database
    Warning in doTryCatch(return(expr), name, parentenv, handler) :
     font family not found in Windows font database
    Quitting from lines 428-476 (forplo_vignette.Rmd)
    Error: processing vignette 'forplo_vignette.Rmd' failed with diagnostics:
    there is no package called 'meta'
    --- failed re-building 'forplo_vignette.Rmd'
    
    SUMMARY: processing the following file failed:
     'forplo_vignette.Rmd'
    
    Error: Vignette re-building failed.
    Execution halted
Flavor: r-devel-windows-x86_64-new-TK