CRAN Package Check Results for Package fossilbrush

Last updated on 2022-08-12 05:52:47 CEST.

Flavor Version Tinstall Tcheck Ttotal Status Flags
r-devel-linux-x86_64-debian-clang 1.0.3 16.82 524.60 541.42 OK
r-devel-linux-x86_64-debian-gcc 1.0.3 13.52 396.21 409.73 OK
r-devel-linux-x86_64-fedora-clang 1.0.3 599.27 NOTE
r-devel-linux-x86_64-fedora-gcc 1.0.3 580.77 NOTE
r-devel-windows-x86_64 1.0.3 62.00 539.00 601.00 OK
r-patched-linux-x86_64 1.0.3 16.10 479.82 495.92 OK
r-release-linux-x86_64 1.0.3 16.26 482.24 498.50 OK
r-release-macos-arm64 1.0.3 164.00 NOTE
r-release-macos-x86_64 1.0.3 235.00 NOTE
r-release-windows-x86_64 1.0.3 67.00 574.00 641.00 OK
r-oldrel-macos-arm64 1.0.3 151.00 NOTE
r-oldrel-macos-x86_64 1.0.3 220.00 NOTE
r-oldrel-windows-ix86+x86_64 1.0.3 33.00 610.00 643.00 OK

Check Details

Version: 1.0.3
Check: data for non-ASCII characters
Result: NOTE
     Note: found 31 marked UTF-8 strings
Flavors: r-devel-linux-x86_64-fedora-clang, r-devel-linux-x86_64-fedora-gcc, r-release-macos-arm64, r-release-macos-x86_64, r-oldrel-macos-arm64, r-oldrel-macos-x86_64