CRAN Package Check Results for Package fs

Last updated on 2020-02-27 05:48:46 CET.

Flavor Version Tinstall Tcheck Ttotal Status Flags
r-devel-linux-x86_64-debian-clang 1.3.1 93.70 47.33 141.03 NOTE
r-devel-linux-x86_64-debian-gcc 1.3.1 54.86 42.74 97.60 NOTE
r-devel-linux-x86_64-fedora-clang 1.3.1 201.30 NOTE
r-devel-linux-x86_64-fedora-gcc 1.3.1 171.81 NOTE
r-devel-windows-ix86+x86_64 1.3.1 195.00 86.00 281.00 NOTE
r-devel-windows-ix86+x86_64-gcc8 1.3.1 97.00 6.00 103.00 ERROR
r-patched-linux-x86_64 1.3.1 67.85 48.55 116.40 NOTE
r-patched-solaris-x86 1.3.1 153.00 NOTE
r-release-linux-x86_64 1.3.1 67.53 48.54 116.07 NOTE
r-release-windows-ix86+x86_64 1.3.1 191.00 82.00 273.00 NOTE
r-release-osx-x86_64 1.3.1 NOTE
r-oldrel-windows-ix86+x86_64 1.3.1 192.00 86.00 278.00 NOTE
r-oldrel-osx-x86_64 1.3.1 NOTE

Check Details

Version: 1.3.1
Check: for GNU extensions in Makefiles
Result: NOTE
    GNU make is a SystemRequirements.
Flavors: r-devel-linux-x86_64-debian-clang, r-devel-linux-x86_64-debian-gcc, r-devel-linux-x86_64-fedora-clang, r-devel-linux-x86_64-fedora-gcc, r-devel-windows-ix86+x86_64, r-patched-linux-x86_64, r-patched-solaris-x86, r-release-linux-x86_64, r-release-windows-ix86+x86_64, r-release-osx-x86_64, r-oldrel-windows-ix86+x86_64, r-oldrel-osx-x86_64

Version: 1.3.1
Check: whether package can be installed
Result: ERROR
    Installation failed.
Flavor: r-devel-windows-ix86+x86_64-gcc8