CRAN Package Check Results for Package fscaret

Last updated on 2019-09-15 05:46:14 CEST.

Flavor Version Tinstall Tcheck Ttotal Status Flags
r-devel-linux-x86_64-debian-clang 0.9.4.4 13.40 110.47 123.87 OK
r-devel-linux-x86_64-debian-gcc 0.9.4.4 12.61 86.82 99.43 OK
r-devel-linux-x86_64-fedora-clang 0.9.4.4 149.31 OK
r-devel-linux-x86_64-fedora-gcc 0.9.4.4 148.67 OK
r-devel-windows-ix86+x86_64 0.9.4.4 42.00 191.00 233.00 OK
r-patched-linux-x86_64 0.9.4.4 11.69 105.81 117.50 OK
r-patched-solaris-x86 0.9.4.4 216.60 NOTE
r-release-linux-x86_64 0.9.4.4 13.09 106.74 119.83 OK
r-release-windows-ix86+x86_64 0.9.4.4 30.00 130.00 160.00 OK
r-release-osx-x86_64 0.9.4.4 OK
r-oldrel-windows-ix86+x86_64 0.9.4.4 26.00 113.00 139.00 OK
r-oldrel-osx-x86_64 0.9.4.4 OK

Check Details

Version: 0.9.4.4
Check: package dependencies
Result: NOTE
    Package suggested but not available for checking: ‘RWeka’
Flavor: r-patched-solaris-x86