CRAN Package Check Results for Package fscaret

Last updated on 2019-06-19 05:48:05 CEST.

Flavor Version Tinstall Tcheck Ttotal Status Flags
r-devel-linux-x86_64-debian-clang 0.9.4.4 14.06 109.76 123.82 OK
r-devel-linux-x86_64-debian-gcc 0.9.4.4 11.24 86.09 97.33 OK
r-devel-linux-x86_64-fedora-clang 0.9.4.4 153.87 OK
r-devel-linux-x86_64-fedora-gcc 0.9.4.4 91.69 OK
r-devel-windows-ix86+x86_64 0.9.4.4 39.00 193.00 232.00 OK
r-patched-linux-x86_64 0.9.4.4 13.44 106.76 120.20 OK
r-patched-solaris-x86 0.9.4.4 199.00 NOTE
r-release-linux-x86_64 0.9.4.4 13.47 106.82 120.29 OK
r-release-windows-ix86+x86_64 0.9.4.4 50.00 177.00 227.00 OK
r-release-osx-x86_64 0.9.4.4 OK
r-oldrel-windows-ix86+x86_64 0.9.4.4 15.00 207.00 222.00 OK
r-oldrel-osx-x86_64 0.9.4.4 OK

Check Details

Version: 0.9.4.4
Check: package dependencies
Result: NOTE
    Package suggested but not available for checking: ‘RWeka’
Flavor: r-patched-solaris-x86