CRAN Package Check Results for Package fst

Last updated on 2021-06-18 05:48:45 CEST.

Flavor Version Tinstall Tcheck Ttotal Status Flags
r-devel-linux-x86_64-debian-clang 0.9.4 130.70 81.73 212.43 NOTE
r-devel-linux-x86_64-debian-gcc 0.9.4 80.98 58.89 139.87 NOTE
r-devel-linux-x86_64-fedora-clang 0.9.4 308.15 NOTE
r-devel-linux-x86_64-fedora-gcc 0.9.4 241.66 NOTE
r-devel-windows-x86_64 0.9.4 138.00 110.00 248.00 NOTE
r-devel-windows-x86_64-gcc10-UCRT 0.9.4 NOTE
r-patched-linux-x86_64 0.9.4 93.60 74.52 168.12 NOTE
r-patched-solaris-x86 0.9.4 223.10 ERROR
r-release-linux-x86_64 0.9.4 96.21 74.63 170.84 NOTE
r-release-macos-arm64 0.9.4 NOTE
r-release-macos-x86_64 0.9.4 NOTE
r-release-windows-ix86+x86_64 0.9.4 261.00 237.00 498.00 NOTE
r-oldrel-macos-x86_64 0.9.4 NOTE
r-oldrel-windows-ix86+x86_64 0.9.4 216.00 246.00 462.00 OK

Check Details

Version: 0.9.4
Check: LazyData
Result: NOTE
     'LazyData' is specified without a 'data' directory
Flavors: r-devel-linux-x86_64-debian-clang, r-devel-linux-x86_64-debian-gcc, r-devel-linux-x86_64-fedora-clang, r-devel-linux-x86_64-fedora-gcc, r-devel-windows-x86_64, r-devel-windows-x86_64-gcc10-UCRT, r-patched-linux-x86_64, r-patched-solaris-x86, r-release-linux-x86_64, r-release-macos-arm64, r-release-macos-x86_64, r-release-windows-ix86+x86_64

Version: 0.9.4
Check: installed package size
Result: NOTE
     installed size is 6.4Mb
     sub-directories of 1Mb or more:
     libs 6.2Mb
Flavors: r-devel-linux-x86_64-fedora-clang, r-release-macos-arm64, r-release-macos-x86_64, r-oldrel-macos-x86_64

Version: 0.9.4
Check: tests
Result: ERROR
     Running ‘testthat.R’ [0m/180m]
    Running the tests in ‘tests/testthat.R’ failed.
    Complete output:
     >
     > # required packages
     > library(testthat)
     > library(fst)
     >
     > # some helper functions
     > source("testthat/helper_fstwrite.R") # cross-version testing
     >
     > # run tests
     > test_check("fst")
    
     *** caught segfault ***
     address 739ebad8, cause 'memory not mapped'
Flavor: r-patched-solaris-x86