CRAN Package Check Results for Package ftDK

Last updated on 2024-06-21 06:58:14 CEST.

Flavor Version Tinstall Tcheck Ttotal Status Flags
r-devel-linux-x86_64-debian-clang 1.0 1.74 20.97 22.71 OK
r-devel-linux-x86_64-debian-gcc 1.0 1.54 16.92 18.46 OK
r-devel-linux-x86_64-fedora-clang 1.0 30.28 NOTE
r-devel-linux-x86_64-fedora-gcc 1.0 28.95 NOTE
r-devel-windows-x86_64 1.0 4.00 38.00 42.00 OK
r-patched-linux-x86_64 1.0 1.68 20.67 22.35 OK
r-release-linux-x86_64 1.0 1.99 20.85 22.84 OK
r-release-macos-arm64 1.0 14.00 OK
r-release-macos-x86_64 1.0 20.00 OK
r-release-windows-x86_64 1.0 4.00 43.00 47.00 OK
r-oldrel-macos-arm64 1.0 15.00 OK
r-oldrel-macos-x86_64 1.0 20.00 OK
r-oldrel-windows-x86_64 1.0 4.00 38.00 42.00 OK

Check Details

Version: 1.0
Check: data for non-ASCII characters
Result: NOTE Note: found 39 marked UTF-8 strings Flavors: r-devel-linux-x86_64-fedora-clang, r-devel-linux-x86_64-fedora-gcc