CRAN Package Check Results for Package fuel

Last updated on 2022-01-20 05:50:22 CET.

Flavor Version Tinstall Tcheck Ttotal Status Flags
r-devel-linux-x86_64-debian-clang 1.2.0 NOTE
r-devel-linux-x86_64-debian-gcc 1.2.0 2.08 26.77 28.85 NOTE
r-devel-linux-x86_64-fedora-clang 1.2.0 47.07 NOTE
r-devel-linux-x86_64-fedora-gcc 1.2.0 35.41 NOTE
r-devel-windows-x86_64-new-UL 1.2.0 25.00 63.00 88.00 NOTE
r-devel-windows-x86_64-new-TK 1.2.0 NOTE
r-patched-linux-x86_64 1.2.0 2.15 32.99 35.14 NOTE
r-release-linux-x86_64 1.2.0 NOTE
r-release-macos-arm64 1.2.0 NOTE
r-release-macos-x86_64 1.2.0 NOTE
r-release-windows-ix86+x86_64 1.2.0 7.00 33.00 40.00 NOTE
r-oldrel-macos-x86_64 1.2.0 OK
r-oldrel-windows-ix86+x86_64 1.2.0 5.00 30.00 35.00 OK

Check Details

Version: 1.2.0
Check: LazyData
Result: NOTE
     'LazyData' is specified without a 'data' directory
Flavors: r-devel-linux-x86_64-debian-clang, r-devel-linux-x86_64-debian-gcc, r-devel-linux-x86_64-fedora-clang, r-devel-linux-x86_64-fedora-gcc, r-devel-windows-x86_64-new-UL, r-devel-windows-x86_64-new-TK, r-patched-linux-x86_64, r-release-linux-x86_64, r-release-macos-arm64, r-release-macos-x86_64, r-release-windows-ix86+x86_64