CRAN Package Check Results for Package funStatTest

Last updated on 2024-06-13 06:58:02 CEST.

Flavor Version Tinstall Tcheck Ttotal Status Flags
r-devel-linux-x86_64-debian-clang 1.0.3 12.42 194.26 206.68 OK
r-devel-linux-x86_64-debian-gcc 1.0.3 0.41 1.75 2.16 ERROR
r-devel-linux-x86_64-fedora-clang 1.0.3 259.39 OK
r-devel-linux-x86_64-fedora-gcc 1.0.3 253.16 OK
r-devel-windows-x86_64 1.0.3 12.00 143.00 155.00 OK
r-patched-linux-x86_64 1.0.3 13.06 189.17 202.23 OK
r-release-linux-x86_64 1.0.3 9.87 185.20 195.07 OK
r-release-macos-arm64 1.0.3 75.00 OK
r-release-macos-x86_64 1.0.3 138.00 OK
r-release-windows-x86_64 1.0.3 12.00 143.00 155.00 OK
r-oldrel-macos-arm64 1.0.3 585.00 OK
r-oldrel-macos-x86_64 1.0.3 179.00 OK
r-oldrel-windows-x86_64 1.0.3 16.00 177.00 193.00 OK

Check Details

Version: 1.0.3
Check: package dependencies
Result: ERROR Packages required but not available: 'dplyr', 'ggplot2', 'stringr', 'tibble', 'tidyr', 'tidyselect' Packages suggested but not available for checking: 'testthat', 'vdiffr' See section ‘The DESCRIPTION file’ in the ‘Writing R Extensions’ manual. Flavor: r-devel-linux-x86_64-debian-gcc