CRAN Package Check Results for Package furniture

Last updated on 2019-09-19 05:47:17 CEST.

Flavor Version Tinstall Tcheck Ttotal Status Flags
r-devel-linux-x86_64-debian-clang 1.9.0 5.28 54.18 59.46 OK
r-devel-linux-x86_64-debian-gcc 1.9.0 4.68 43.12 47.80 OK
r-devel-linux-x86_64-fedora-clang 1.9.0 73.45 NOTE
r-devel-linux-x86_64-fedora-gcc 1.9.0 71.55 NOTE
r-devel-windows-ix86+x86_64 1.9.0 20.00 71.00 91.00 OK
r-patched-linux-x86_64 1.9.0 5.17 52.81 57.98 OK
r-patched-solaris-x86 1.9.0 108.60 NOTE
r-release-linux-x86_64 1.9.0 4.52 53.59 58.11 OK
r-release-windows-ix86+x86_64 1.9.0 11.00 63.00 74.00 OK
r-release-osx-x86_64 1.9.0 NOTE
r-oldrel-windows-ix86+x86_64 1.9.0 6.00 63.00 69.00 OK
r-oldrel-osx-x86_64 1.9.0 NOTE

Check Details

Version: 1.9.0
Check: dependencies in R code
Result: NOTE
    Namespace in Imports field not imported from: ‘magrittr’
     All declared Imports should be used.
Flavors: r-devel-linux-x86_64-fedora-clang, r-devel-linux-x86_64-fedora-gcc, r-patched-solaris-x86, r-release-osx-x86_64, r-oldrel-osx-x86_64