CRAN Package Check Results for Package furniture

Last updated on 2020-02-27 05:48:46 CET.

Flavor Version Tinstall Tcheck Ttotal Status Flags
r-devel-linux-x86_64-debian-clang 1.9.5 5.64 56.51 62.15 ERROR
r-devel-linux-x86_64-debian-gcc 1.9.5 5.29 42.95 48.24 ERROR
r-devel-linux-x86_64-fedora-clang 1.9.5 77.42 NOTE
r-devel-linux-x86_64-fedora-gcc 1.9.5 73.76 NOTE
r-devel-windows-ix86+x86_64 1.9.5 10.00 69.00 79.00 OK
r-devel-windows-ix86+x86_64-gcc8 1.9.5 12.00 71.00 83.00 OK
r-patched-linux-x86_64 1.9.5 4.44 50.64 55.08 OK
r-patched-solaris-x86 1.9.5 95.20 NOTE
r-release-linux-x86_64 1.9.5 4.31 51.42 55.73 OK
r-release-windows-ix86+x86_64 1.9.5 11.00 66.00 77.00 OK
r-release-osx-x86_64 1.9.5 NOTE
r-oldrel-windows-ix86+x86_64 1.9.5 7.00 64.00 71.00 OK
r-oldrel-osx-x86_64 1.9.5 NOTE

Check Details

Version: 1.9.5
Check: tests
Result: ERROR
     Running 'testthat.R' [4s/5s]
    Running the tests in 'tests/testthat.R' failed.
    Complete output:
     > library(testthat)
     > library(furniture)
     >
     > test_check("furniture")
    
    
    
    
    
    
    
    
    
    
    
    
     -- 1. Error: table1 produces table1 (@test_table1.R#61) -----------------------
     Problem with variable splitby_labels
     Backtrace:
     1. testthat::expect_s3_class(...)
     5. furniture:::table1.data.frame(...)
     6. furniture:::table1_format_nocondense(...)
    
     == testthat results ===========================================================
     [ OK: 37 | SKIPPED: 0 | WARNINGS: 0 | FAILED: 1 ]
     1. Error: table1 produces table1 (@test_table1.R#61)
    
     Error: testthat unit tests failed
     Execution halted
Flavor: r-devel-linux-x86_64-debian-clang

Version: 1.9.5
Check: tests
Result: ERROR
     Running ‘testthat.R’ [3s/4s]
    Running the tests in ‘tests/testthat.R’ failed.
    Complete output:
     > library(testthat)
     > library(furniture)
     >
     > test_check("furniture")
    
    
    
    
    
    
    
    
    
    
    
    
     ── 1. Error: table1 produces table1 (@test_table1.R#61) ───────────────────────
     Problem with variable splitby_labels
     Backtrace:
     1. testthat::expect_s3_class(...)
     5. furniture:::table1.data.frame(...)
     6. furniture:::table1_format_nocondense(...)
    
     ══ testthat results ═══════════════════════════════════════════════════════════
     [ OK: 37 | SKIPPED: 0 | WARNINGS: 0 | FAILED: 1 ]
     1. Error: table1 produces table1 (@test_table1.R#61)
    
     Error: testthat unit tests failed
     Execution halted
Flavor: r-devel-linux-x86_64-debian-gcc

Version: 1.9.5
Check: dependencies in R code
Result: NOTE
    Namespace in Imports field not imported from: ‘magrittr’
     All declared Imports should be used.
Flavors: r-devel-linux-x86_64-fedora-clang, r-devel-linux-x86_64-fedora-gcc, r-patched-solaris-x86, r-release-osx-x86_64, r-oldrel-osx-x86_64