CRAN Package Check Results for Package fuzzr

Last updated on 2024-06-23 06:56:33 CEST.

Flavor Version Tinstall Tcheck Ttotal Status Flags
r-devel-linux-x86_64-debian-clang 0.2.2 1.61 49.44 51.05 NOTE
r-devel-linux-x86_64-debian-gcc 0.2.2 1.97 34.94 36.91 NOTE
r-devel-linux-x86_64-fedora-clang 0.2.2 63.88 NOTE
r-devel-linux-x86_64-fedora-gcc 0.2.2 72.73 NOTE
r-devel-windows-x86_64 0.2.2 3.00 55.00 58.00 NOTE
r-patched-linux-x86_64 0.2.2 2.63 46.27 48.90 NOTE
r-release-linux-x86_64 0.2.2 2.38 47.32 49.70 NOTE
r-release-macos-arm64 0.2.2 26.00 NOTE
r-release-macos-x86_64 0.2.2 42.00 NOTE
r-release-windows-x86_64 0.2.2 3.00 56.00 59.00 NOTE
r-oldrel-macos-arm64 0.2.2 28.00 NOTE
r-oldrel-macos-x86_64 0.2.2 42.00 NOTE
r-oldrel-windows-x86_64 0.2.2 4.00 60.00 64.00 NOTE

Check Details

Version: 0.2.2
Check: LazyData
Result: NOTE 'LazyData' is specified without a 'data' directory Flavors: r-devel-linux-x86_64-debian-clang, r-devel-linux-x86_64-debian-gcc, r-devel-linux-x86_64-fedora-clang, r-devel-linux-x86_64-fedora-gcc, r-devel-windows-x86_64, r-patched-linux-x86_64, r-release-linux-x86_64, r-release-macos-arm64, r-release-macos-x86_64, r-release-windows-x86_64, r-oldrel-macos-arm64, r-oldrel-macos-x86_64, r-oldrel-windows-x86_64