CRAN Package Check Results for Package gRain

Last updated on 2024-07-16 05:55:52 CEST.

Flavor Version Tinstall Tcheck Ttotal Status Flags
r-devel-linux-x86_64-debian-clang 1.4.1 64.86 139.00 203.86 OK
r-devel-linux-x86_64-debian-gcc 1.4.1 38.84 100.78 139.62 OK
r-devel-linux-x86_64-fedora-clang 1.4.1 275.97 OK
r-devel-linux-x86_64-fedora-gcc 1.4.1 272.59 OK
r-devel-windows-x86_64 1.4.1 52.00 148.00 200.00 OK
r-patched-linux-x86_64 1.4.1 57.53 128.81 186.34 OK
r-release-linux-x86_64 1.4.1 35.96 129.68 165.64 OK
r-release-macos-arm64 1.4.1 70.00 OK
r-release-macos-x86_64 1.4.1 172.00 WARN
r-release-windows-x86_64 1.4.1 56.00 148.00 204.00 OK
r-oldrel-macos-arm64 1.4.1 70.00 OK
r-oldrel-macos-x86_64 1.4.1 227.00 OK
r-oldrel-windows-x86_64 1.4.1 70.00 177.00 247.00 OK

Check Details

Version: 1.4.1
Check: re-building of vignette outputs
Result: WARN Error(s) in re-building vignettes: ... --- re-building ‘grain_intro.Rnw’ using knitr Error: processing vignette 'grain_intro.Rnw' failed with diagnostics: Running 'texi2dvi' on 'grain_intro.tex' failed. LaTeX errors: ! Undefined control sequence. l.291 \hldef {yn} \hlkwb{<-} \hlkwd{c}\hldef{(}\hlsng{"yes"}\hldef{,}\hlsng{"... ? ! Emergency stop. l.291 End of file on the terminal! ! ==> Fatal error occurred, no output PDF file produced! --- failed re-building ‘grain_intro.Rnw’ SUMMARY: processing the following file failed: ‘grain_intro.Rnw’ Error: Vignette re-building failed. Execution halted Flavor: r-release-macos-x86_64