CRAN Package Check Results for Package galah

Last updated on 2021-06-23 05:49:27 CEST.

Flavor Version Tinstall Tcheck Ttotal Status Flags
r-devel-linux-x86_64-debian-clang 1.1.0 7.40 85.13 92.53 OK
r-devel-linux-x86_64-debian-gcc 1.1.0 6.12 63.86 69.98 OK
r-devel-linux-x86_64-fedora-clang 1.1.0 117.57 OK
r-devel-linux-x86_64-fedora-gcc 1.1.0 104.72 OK
r-devel-windows-x86_64 1.1.0 12.00 149.00 161.00 OK
r-devel-windows-x86_64-gcc10-UCRT 1.1.0 ERROR
r-patched-linux-x86_64 1.1.0 6.76 79.46 86.22 OK
r-patched-solaris-x86 1.1.0 163.70 OK
r-release-linux-x86_64 1.1.0 7.19 79.59 86.78 OK
r-release-macos-arm64 1.1.0 OK
r-release-macos-x86_64 1.1.0 OK
r-release-windows-ix86+x86_64 1.1.0 12.00 133.00 145.00 OK
r-oldrel-macos-x86_64 1.1.0 OK

Check Details

Version: 1.1.0
Check: package dependencies
Result: ERROR
    Packages required but not available: 'crul', 'httr'
    
    Packages suggested but not available for checking: 'covr', 'pkgdown'
    
    See section 'The DESCRIPTION file' in the 'Writing R Extensions'
    manual.
Flavor: r-devel-windows-x86_64-gcc10-UCRT