CRAN Package Check Results for Package gamclass

Last updated on 2019-06-26 06:47:25 CEST.

Flavor Version Tinstall Tcheck Ttotal Status Flags
r-devel-linux-x86_64-debian-clang 0.58 11.91 138.42 150.33 OK
r-devel-linux-x86_64-debian-gcc 0.58 9.43 108.18 117.61 OK
r-devel-linux-x86_64-fedora-clang 0.58 182.67 OK
r-devel-linux-x86_64-fedora-gcc 0.58 177.30 OK
r-devel-windows-ix86+x86_64 0.58 39.00 167.00 206.00 OK
r-patched-linux-x86_64 0.58 12.09 134.25 146.34 OK
r-patched-solaris-x86 0.58 267.80 OK
r-release-linux-x86_64 0.58 11.98 136.02 148.00 OK
r-release-windows-ix86+x86_64 0.58 29.00 233.00 262.00 OK
r-release-osx-x86_64 0.58 NOTE
r-oldrel-windows-ix86+x86_64 0.58 18.00 148.00 166.00 OK
r-oldrel-osx-x86_64 0.58 OK

Check Details

Version: 0.58
Check: package dependencies
Result: NOTE
    Package suggested but not available for checking: ‘DAAGbio’
Flavor: r-release-osx-x86_64