CRAN Package Check Results for Package gamclass

Last updated on 2019-09-20 05:46:55 CEST.

Flavor Version Tinstall Tcheck Ttotal Status Flags
r-devel-linux-x86_64-debian-clang 0.58 12.32 138.54 150.86 OK
r-devel-linux-x86_64-debian-gcc 0.58 11.59 109.26 120.85 OK
r-devel-linux-x86_64-fedora-clang 0.58 187.52 OK
r-devel-linux-x86_64-fedora-gcc 0.58 184.93 OK
r-devel-windows-ix86+x86_64 0.58 40.00 236.00 276.00 OK
r-patched-linux-x86_64 0.58 12.56 134.87 147.43 OK
r-patched-solaris-x86 0.58 257.60 OK
r-release-linux-x86_64 0.58 12.59 133.91 146.50 OK
r-release-windows-ix86+x86_64 0.58 26.00 156.00 182.00 OK
r-release-osx-x86_64 0.58 NOTE
r-oldrel-windows-ix86+x86_64 0.58 19.00 157.00 176.00 OK
r-oldrel-osx-x86_64 0.58 OK

Check Details

Version: 0.58
Check: package dependencies
Result: NOTE
    Package suggested but not available for checking: ‘DAAGbio’
Flavor: r-release-osx-x86_64