CRAN Package Check Results for Package gamlss.demo

Last updated on 2022-01-25 05:54:43 CET.

Flavor Version Tinstall Tcheck Ttotal Status Flags
r-devel-linux-x86_64-debian-clang 4.3-3 13.35 95.25 108.60 OK
r-devel-linux-x86_64-debian-gcc 4.3-3 12.57 81.12 93.69 OK
r-devel-linux-x86_64-fedora-clang 4.3-3 131.36 OK
r-devel-linux-x86_64-fedora-gcc 4.3-3 138.77 OK
r-devel-windows-x86_64-new-UL 4.3-3 78.00 114.00 192.00 OK
r-devel-windows-x86_64-new-TK 4.3-3 OK
r-patched-linux-x86_64 4.3-3 12.89 92.80 105.69 OK
r-release-linux-x86_64 4.3-3 12.56 92.76 105.32 OK
r-release-macos-arm64 4.3-3 OK
r-release-macos-x86_64 4.3-3 OK
r-release-windows-ix86+x86_64 4.3-3 22.00 91.00 113.00 ERROR
r-oldrel-macos-x86_64 4.3-3 OK
r-oldrel-windows-ix86+x86_64 4.3-3 22.00 101.00 123.00 OK

Check Details

Version: 4.3-3
Check: PDF version of manual
Result: ERROR
    Rd conversion errors:
    Warning in file(outfile, "wt") :
     cannot open file 'D:/temp/RtmpaERdsj/Rd2pdf12c581f345a68/Rd2.tex': No such file or directory
    Error in file(outfile, "wt") : cannot open the connection
Flavor: r-release-windows-ix86+x86_64