CRAN Package Check Results for Package gamlss.dist

Last updated on 2021-11-28 05:49:34 CET.

Flavor Version Tinstall Tcheck Ttotal Status Flags
r-devel-linux-x86_64-debian-clang 6.0-1 OK
r-devel-linux-x86_64-debian-gcc 6.0-1 44.27 171.81 216.08 OK
r-devel-linux-x86_64-fedora-clang 6.0-1 363.78 NOTE
r-devel-linux-x86_64-fedora-gcc 6.0-1 352.40 OK
r-devel-windows-x86_64-new-UL 6.0-1 122.00 254.00 376.00 OK
r-devel-windows-x86_64-new-TK 6.0-1 OK
r-devel-windows-x86_64-old 6.0-1 72.00 244.00 316.00 OK
r-patched-linux-x86_64 6.0-1 56.80 231.67 288.47 OK
r-patched-solaris-x86 6.0-1 357.90 OK
r-release-linux-x86_64 6.0-1 53.80 230.13 283.93 OK
r-release-macos-arm64 6.0-1 OK
r-release-macos-x86_64 6.0-1 OK
r-release-windows-ix86+x86_64 6.0-1 94.00 192.00 286.00 OK
r-oldrel-macos-x86_64 6.0-1 OK
r-oldrel-windows-ix86+x86_64 6.0-1 101.00 265.00 366.00 OK

Check Details

Version: 6.0-1
Check: Rd cross-references
Result: NOTE
    Undeclared package ‘gamlss’ in Rd xrefs
Flavor: r-devel-linux-x86_64-fedora-clang