CRAN Package Check Results for Package gamm4.test

Last updated on 2021-11-27 05:49:37 CET.

Flavor Version Tinstall Tcheck Ttotal Status Flags
r-devel-linux-x86_64-debian-clang 0.1.0 NOTE
r-devel-linux-x86_64-debian-gcc 0.1.0 11.17 101.05 112.22 NOTE
r-devel-linux-x86_64-fedora-clang 0.1.0 186.08 OK
r-devel-linux-x86_64-fedora-gcc 0.1.0 173.75 OK
r-devel-windows-x86_64-new-UL 0.1.0 24.00 174.00 198.00 NOTE
r-devel-windows-x86_64-new-TK 0.1.0 OK
r-devel-windows-x86_64-old 0.1.0 20.00 173.00 193.00 NOTE
r-patched-linux-x86_64 0.1.0 11.97 126.29 138.26 NOTE
r-patched-solaris-x86 0.1.0 230.80 OK
r-release-linux-x86_64 0.1.0 NOTE
r-release-macos-arm64 0.1.0 OK
r-release-macos-x86_64 0.1.0 OK
r-release-windows-ix86+x86_64 0.1.0 32.00 116.00 148.00 NOTE
r-oldrel-macos-x86_64 0.1.0 OK
r-oldrel-windows-ix86+x86_64 0.1.0 32.00 155.00 187.00 NOTE

Check Details

Version: 0.1.0
Check: package vignettes
Result: NOTE
    Package vignette with placeholder title 'Vignette Title':
     'Introduction.Rmd'
Flavors: r-devel-linux-x86_64-debian-clang, r-devel-linux-x86_64-debian-gcc, r-devel-windows-x86_64-new-UL, r-devel-windows-x86_64-old, r-patched-linux-x86_64, r-release-linux-x86_64, r-release-windows-ix86+x86_64, r-oldrel-windows-ix86+x86_64