Last updated on 2021-01-18 05:47:24 CET.
Flavor | Version | Tinstall | Tcheck | Ttotal | Status | Flags |
---|---|---|---|---|---|---|
r-devel-linux-x86_64-debian-clang | 1.0.1 | 43.79 | 86.03 | 129.82 | OK | |
r-devel-linux-x86_64-debian-gcc | 1.0.1 | 28.62 | 66.75 | 95.37 | OK | |
r-devel-linux-x86_64-fedora-clang | 1.0.1 | 176.47 | NOTE | |||
r-devel-linux-x86_64-fedora-gcc | 1.0.1 | 161.29 | NOTE | |||
r-devel-windows-ix86+x86_64 | 1.0.1 | 90.00 | 133.00 | 223.00 | OK | |
r-patched-linux-x86_64 | 1.0.1 | 36.56 | 81.96 | 118.52 | OK | |
r-patched-solaris-x86 | 1.0.1 | 220.60 | NOTE | |||
r-release-linux-x86_64 | 1.0.1 | 34.99 | 82.33 | 117.32 | OK | |
r-release-macos-x86_64 | 1.0.1 | NOTE | ||||
r-release-windows-ix86+x86_64 | 1.0.1 | 87.00 | 131.00 | 218.00 | OK | |
r-oldrel-macos-x86_64 | 1.0.1 | NOTE | ||||
r-oldrel-windows-ix86+x86_64 | 1.0.1 | 95.00 | 110.00 | 205.00 | OK |
Version: 1.0.1
Check: dependencies in R code
Result: NOTE
Namespaces in Imports field not imported from:
‘rwavelet’ ‘scatterplot3d’
All declared Imports should be used.
Flavors: r-devel-linux-x86_64-fedora-clang, r-devel-linux-x86_64-fedora-gcc, r-patched-solaris-x86, r-release-macos-x86_64, r-oldrel-macos-x86_64