Last updated on 2021-01-19 05:48:01 CET.
Flavor | Version | Tinstall | Tcheck | Ttotal | Status | Flags |
---|---|---|---|---|---|---|
r-devel-linux-x86_64-debian-clang | 0.1.0.4 | 294.45 | 66.04 | 360.49 | NOTE | |
r-devel-linux-x86_64-debian-gcc | 0.1.0.4 | 195.25 | 48.66 | 243.91 | NOTE | |
r-devel-linux-x86_64-fedora-clang | 0.1.0.4 | 500.03 | NOTE | |||
r-devel-linux-x86_64-fedora-gcc | 0.1.0.4 | 453.38 | NOTE | |||
r-devel-windows-ix86+x86_64 | 0.1.0.4 | 508.00 | 116.00 | 624.00 | NOTE | |
r-patched-linux-x86_64 | 0.1.0.4 | 240.24 | 60.84 | 301.08 | NOTE | |
r-patched-solaris-x86 | 0.1.0.4 | 422.90 | NOTE | |||
r-release-linux-x86_64 | 0.1.0.4 | 240.09 | 61.34 | 301.43 | NOTE | |
r-release-macos-x86_64 | 0.1.0.4 | NOTE | ||||
r-release-windows-ix86+x86_64 | 0.1.0.4 | 672.00 | 116.00 | 788.00 | NOTE | |
r-oldrel-macos-x86_64 | 0.1.0.4 | NOTE | ||||
r-oldrel-windows-ix86+x86_64 | 0.1.0.4 | 461.00 | 90.00 | 551.00 | NOTE |
Version: 0.1.0.4
Check: for GNU extensions in Makefiles
Result: NOTE
GNU make is a SystemRequirements.
Flavors: r-devel-linux-x86_64-debian-clang, r-devel-linux-x86_64-debian-gcc, r-devel-linux-x86_64-fedora-clang, r-devel-linux-x86_64-fedora-gcc, r-devel-windows-ix86+x86_64, r-patched-linux-x86_64, r-patched-solaris-x86, r-release-linux-x86_64, r-release-macos-x86_64, r-release-windows-ix86+x86_64, r-oldrel-macos-x86_64, r-oldrel-windows-ix86+x86_64
Version: 0.1.0.4
Check: installed package size
Result: NOTE
installed size is 19.1Mb
sub-directories of 1Mb or more:
doc 1.2Mb
libs 17.8Mb
Flavors: r-devel-linux-x86_64-fedora-clang, r-devel-windows-ix86+x86_64, r-release-macos-x86_64, r-release-windows-ix86+x86_64, r-oldrel-macos-x86_64, r-oldrel-windows-ix86+x86_64
Version: 0.1.0.4
Check: compiled code
Result: NOTE
File ‘gbp/libs/gbp.so’:
Found no calls to: ‘R_registerRoutines’, ‘R_useDynamicSymbols’
It is good practice to register native routines and to disable symbol
search.
See ‘Writing portable packages’ in the ‘Writing R Extensions’ manual.
Flavors: r-devel-linux-x86_64-fedora-clang, r-devel-linux-x86_64-fedora-gcc