Last updated on 2023-10-01 06:53:08 CEST.
Flavor | Version | Tinstall | Tcheck | Ttotal | Status | Flags |
---|---|---|---|---|---|---|
r-devel-linux-x86_64-debian-clang | 0.6.4 | 456.40 | 163.76 | 620.16 | OK | |
r-devel-linux-x86_64-debian-gcc | 0.6.4 | 352.10 | 126.29 | 478.39 | OK | |
r-devel-linux-x86_64-fedora-clang | 0.6.4 | 848.03 | NOTE | |||
r-devel-linux-x86_64-fedora-gcc | 0.6.4 | 1032.75 | OK | |||
r-devel-windows-x86_64 | 0.6.4 | 280.00 | 696.00 | 976.00 | NOTE | |
r-patched-linux-x86_64 | 0.6.4 | 468.89 | 162.96 | 631.85 | OK | |
r-release-linux-x86_64 | 0.6.4 | 447.30 | 161.66 | 608.96 | OK | |
r-release-macos-arm64 | 0.6.4 | 296.00 | NOTE | |||
r-release-macos-x86_64 | 0.6.4 | 360.00 | NOTE | |||
r-release-windows-x86_64 | 0.6.4 | 322.00 | 839.00 | 1161.00 | NOTE | |
r-oldrel-macos-arm64 | 0.6.4 | 271.00 | NOTE | |||
r-oldrel-macos-x86_64 | 0.6.4 | 307.00 | NOTE | |||
r-oldrel-windows-x86_64 | 0.6.4 | 467.00 | 641.00 | 1108.00 | NOTE |
Version: 0.6.4
Check: installed package size
Result: NOTE
installed size is 6.9Mb
sub-directories of 1Mb or more:
L8NY18 2.3Mb
libs 3.5Mb
Flavors: r-devel-linux-x86_64-fedora-clang, r-devel-windows-x86_64, r-release-macos-arm64, r-release-macos-x86_64, r-release-windows-x86_64, r-oldrel-macos-arm64, r-oldrel-macos-x86_64, r-oldrel-windows-x86_64