CRAN Package Check Results for Package gdtools

Last updated on 2021-10-21 05:50:59 CEST.

Flavor Version Tinstall Tcheck Ttotal Status Flags
r-devel-linux-x86_64-debian-clang 0.2.3 47.20 27.65 74.85 NOTE
r-devel-linux-x86_64-debian-gcc 0.2.3 33.07 22.14 55.21 NOTE
r-devel-linux-x86_64-fedora-clang 0.2.3 129.47 NOTE
r-devel-linux-x86_64-fedora-gcc 0.2.3 101.20 NOTE
r-devel-windows-x86_64 0.2.3 66.00 66.00 132.00 NOTE
r-devel-windows-x86_64-gcc10-UCRT 0.2.3 NOTE
r-patched-linux-x86_64 0.2.3 41.36 27.15 68.51 NOTE
r-patched-solaris-x86 0.2.3 108.70 NOTE
r-release-linux-x86_64 0.2.3 42.38 27.57 69.95 NOTE
r-release-macos-arm64 0.2.3 NOTE
r-release-macos-x86_64 0.2.3 NOTE
r-release-windows-ix86+x86_64 0.2.3 95.00 87.00 182.00 NOTE
r-oldrel-macos-x86_64 0.2.3 OK
r-oldrel-windows-ix86+x86_64 0.2.3 123.00 95.00 218.00 NOTE

Check Details

Version: 0.2.3
Check: LazyData
Result: NOTE
     'LazyData' is specified without a 'data' directory
Flavors: r-devel-linux-x86_64-debian-clang, r-devel-linux-x86_64-debian-gcc, r-devel-linux-x86_64-fedora-clang, r-devel-linux-x86_64-fedora-gcc, r-devel-windows-x86_64, r-devel-windows-x86_64-gcc10-UCRT, r-patched-linux-x86_64, r-patched-solaris-x86, r-release-linux-x86_64, r-release-macos-arm64, r-release-macos-x86_64, r-release-windows-ix86+x86_64

Version: 0.2.3
Check: installed package size
Result: NOTE
     installed size is 5.2Mb
     sub-directories of 1Mb or more:
     libs 5.1Mb
Flavors: r-release-macos-arm64, r-release-windows-ix86+x86_64, r-oldrel-windows-ix86+x86_64