CRAN Package Check Results for Package gdtools

Last updated on 2019-09-18 05:46:59 CEST.

Flavor Version Tinstall Tcheck Ttotal Status Flags
r-devel-linux-x86_64-debian-clang 0.2.0 42.00 23.47 65.47 OK
r-devel-linux-x86_64-debian-gcc 0.2.0 31.41 19.05 50.46 OK
r-devel-linux-x86_64-fedora-clang 0.2.0 101.15 OK
r-devel-linux-x86_64-fedora-gcc 0.2.0 90.69 OK
r-devel-windows-ix86+x86_64 0.2.0 125.00 105.00 230.00 NOTE
r-patched-linux-x86_64 0.2.0 34.43 23.36 57.79 OK
r-patched-solaris-x86 0.2.0 93.20 OK
r-release-linux-x86_64 0.2.0 34.75 23.44 58.19 OK
r-release-windows-ix86+x86_64 0.2.0 91.00 83.00 174.00 NOTE
r-release-osx-x86_64 0.2.0 OK
r-oldrel-windows-ix86+x86_64 0.2.0 109.00 79.00 188.00 NOTE
r-oldrel-osx-x86_64 0.2.0 OK

Check Details

Version: 0.2.0
Check: installed package size
Result: NOTE
     installed size is 7.7Mb
     sub-directories of 1Mb or more:
     libs 7.5Mb
Flavors: r-devel-windows-ix86+x86_64, r-release-windows-ix86+x86_64, r-oldrel-windows-ix86+x86_64