CRAN Package Check Results for Package gear

Last updated on 2024-06-13 06:58:02 CEST.

Flavor Version Tinstall Tcheck Ttotal Status Flags
r-devel-linux-x86_64-debian-clang 0.3.4 28.61 160.92 189.53 OK
r-devel-linux-x86_64-debian-gcc 0.3.4 0.60 1.69 2.29 ERROR
r-devel-linux-x86_64-fedora-clang 0.3.4 240.52 OK
r-devel-linux-x86_64-fedora-gcc 0.3.4 230.89 OK
r-devel-windows-x86_64 0.3.4 22.00 178.00 200.00 OK
r-patched-linux-x86_64 0.3.4 16.28 163.17 179.45 OK
r-release-linux-x86_64 0.3.4 15.73 158.36 174.09 OK
r-release-macos-arm64 0.3.4 67.00 OK
r-release-macos-x86_64 0.3.4 96.00 OK
r-release-windows-x86_64 0.3.4 23.00 186.00 209.00 OK
r-oldrel-macos-arm64 0.3.4 76.00 OK
r-oldrel-macos-x86_64 0.3.4 114.00 OK
r-oldrel-windows-x86_64 0.3.4 28.00 212.00 240.00 OK

Check Details

Version: 0.3.4
Check: package dependencies
Result: ERROR Packages required but not available: 'autoimage', 'optimx' Packages suggested but not available for checking: 'testthat', 'ggplot2' See section ‘The DESCRIPTION file’ in the ‘Writing R Extensions’ manual. Flavor: r-devel-linux-x86_64-debian-gcc