CRAN Package Check Results for Package geiger

Last updated on 2024-07-19 06:50:15 CEST.

Flavor Version Tinstall Tcheck Ttotal Status Flags
r-devel-linux-x86_64-debian-clang 2.0.11 43.43 176.54 219.97 NOTE
r-devel-linux-x86_64-debian-gcc 2.0.11 33.57 127.67 161.24 NOTE
r-devel-linux-x86_64-fedora-clang 2.0.11 290.14 NOTE
r-devel-linux-x86_64-fedora-gcc 2.0.11 274.81 NOTE
r-devel-windows-x86_64 2.0.11 40.00 152.00 192.00 NOTE
r-patched-linux-x86_64 2.0.11 51.98 167.81 219.79 NOTE
r-release-linux-x86_64 2.0.11 44.32 169.79 214.11 NOTE
r-release-macos-arm64 2.0.11 65.00 NOTE
r-release-macos-x86_64 2.0.11 116.00 NOTE
r-release-windows-x86_64 2.0.11 43.00 148.00 191.00 NOTE
r-oldrel-macos-arm64 2.0.11 65.00 OK
r-oldrel-macos-x86_64 2.0.11 135.00 OK
r-oldrel-windows-x86_64 2.0.11 58.00 188.00 246.00 OK

Check Details

Version: 2.0.11
Check: Rd files
Result: NOTE checkRd: (-1) bd.ms.Rd:47: Lost braces in \itemize; \value handles \item{}{} directly checkRd: (-1) bd.ms.Rd:48: Lost braces in \itemize; \value handles \item{}{} directly checkRd: (-1) bd.ms.Rd:49-50: Lost braces in \itemize; \value handles \item{}{} directly checkRd: (-1) bd.ms.Rd:51-52: Lost braces in \itemize; \value handles \item{}{} directly checkRd: (-1) dtt.Rd:30: Lost braces in \itemize; meant \describe ? checkRd: (-1) dtt.Rd:31: Lost braces in \itemize; meant \describe ? checkRd: (-1) dtt.Rd:32-33: Lost braces in \itemize; meant \describe ? checkRd: (-1) dtt.Rd:43: Lost braces in \itemize; \value handles \item{}{} directly checkRd: (-1) dtt.Rd:44: Lost braces in \itemize; \value handles \item{}{} directly checkRd: (-1) dtt.Rd:45: Lost braces in \itemize; \value handles \item{}{} directly checkRd: (-1) dtt.Rd:46: Lost braces in \itemize; \value handles \item{}{} directly checkRd: (-1) fitContinuous.Rd:49-51: Lost braces in \itemize; meant \describe ? checkRd: (-1) fitContinuous.Rd:52-54: Lost braces in \itemize; meant \describe ? checkRd: (-1) fitContinuous.Rd:55-57: Lost braces in \itemize; meant \describe ? checkRd: (-1) fitContinuous.Rd:58: Lost braces in \itemize; meant \describe ? checkRd: (-1) fitContinuous.Rd:59-61: Lost braces in \itemize; meant \describe ? checkRd: (-1) fitContinuous.Rd:62-64: Lost braces in \itemize; meant \describe ? checkRd: (-1) fitContinuous.Rd:65-67: Lost braces in \itemize; meant \describe ? checkRd: (-1) fitContinuous.Rd:68: Lost braces in \itemize; meant \describe ? checkRd: (-1) fitContinuous.Rd:69-70: Lost braces in \itemize; meant \describe ? checkRd: (-1) fitDiscrete.Rd:40: Lost braces in \itemize; meant \describe ? checkRd: (-1) fitDiscrete.Rd:41: Lost braces in \itemize; meant \describe ? checkRd: (-1) fitDiscrete.Rd:42: Lost braces in \itemize; meant \describe ? checkRd: (-1) fitDiscrete.Rd:43-44: Lost braces in \itemize; meant \describe ? checkRd: (-1) fitDiscrete.Rd:45: Lost braces in \itemize; meant \describe ? checkRd: (-1) fitDiscrete.Rd:54: Lost braces in \itemize; meant \describe ? checkRd: (-1) fitDiscrete.Rd:55-57: Lost braces in \itemize; meant \describe ? checkRd: (-1) fitDiscrete.Rd:58-60: Lost braces in \itemize; meant \describe ? checkRd: (-1) fitDiscrete.Rd:61-63: Lost braces in \itemize; meant \describe ? checkRd: (-1) fitDiscrete.Rd:64-66: Lost braces in \itemize; meant \describe ? checkRd: (-1) fitDiscrete.Rd:67: Lost braces in \itemize; meant \describe ? Flavors: r-devel-linux-x86_64-debian-clang, r-devel-linux-x86_64-debian-gcc, r-devel-linux-x86_64-fedora-clang, r-devel-linux-x86_64-fedora-gcc, r-devel-windows-x86_64, r-patched-linux-x86_64, r-release-linux-x86_64, r-release-macos-arm64, r-release-macos-x86_64, r-release-windows-x86_64