CRAN Package Check Results for Package gemlog

Last updated on 2021-09-21 05:51:08 CEST.

Flavor Version Tinstall Tcheck Ttotal Status Flags
r-devel-linux-x86_64-debian-clang 0.41 4.90 37.63 42.53 OK
r-devel-linux-x86_64-debian-gcc 0.41 4.12 28.69 32.81 OK
r-devel-linux-x86_64-fedora-clang 0.41 60.65 OK
r-devel-linux-x86_64-fedora-gcc 0.41 50.48 OK
r-devel-windows-x86_64 0.41 8.00 38.00 46.00 OK
r-devel-windows-x86_64-gcc10-UCRT 0.41 ERROR
r-patched-linux-x86_64 0.41 4.83 36.13 40.96 OK
r-patched-solaris-x86 0.41 66.50 OK
r-release-linux-x86_64 0.41 4.60 36.22 40.82 OK
r-release-macos-arm64 0.41 OK
r-release-macos-x86_64 0.41 OK
r-release-windows-ix86+x86_64 0.41 11.00 40.00 51.00 OK
r-oldrel-macos-x86_64 0.41 OK
r-oldrel-windows-ix86+x86_64 0.41 10.00 41.00 51.00 OK

Check Details

Version: 0.41
Check: whether package can be installed
Result: WARN
    Found the following significant warnings:
     WARNING: installation-time patches will not be applied, could not get the patches index
Flavor: r-devel-windows-x86_64-gcc10-UCRT

Version: 0.41
Check: PDF version of manual
Result: WARN
    LaTeX errors when creating PDF version.
    This typically indicates Rd problems.
Flavor: r-devel-windows-x86_64-gcc10-UCRT

Version: 0.41
Check: PDF version of manual without hyperrefs or index
Result: ERROR
    Re-running with no redirection of stdout/stderr.
Flavor: r-devel-windows-x86_64-gcc10-UCRT