CRAN Package Check Results for Package genalg

Last updated on 2019-07-16 05:48:14 CEST.

Flavor Version Tinstall Tcheck Ttotal Status Flags
r-devel-linux-x86_64-debian-clang 0.2.0 1.84 26.07 27.91 NOTE
r-devel-linux-x86_64-debian-gcc 0.2.0 1.30 20.47 21.77 NOTE
r-devel-linux-x86_64-fedora-clang 0.2.0 33.59 NOTE
r-devel-linux-x86_64-fedora-gcc 0.2.0 33.86 NOTE
r-devel-windows-ix86+x86_64 0.2.0 10.00 36.00 46.00 NOTE
r-patched-linux-x86_64 0.2.0 1.86 26.76 28.62 NOTE
r-patched-solaris-x86 0.2.0 53.00 NOTE
r-release-linux-x86_64 0.2.0 1.96 26.65 28.61 NOTE
r-release-windows-ix86+x86_64 0.2.0 5.00 51.00 56.00 NOTE
r-release-osx-x86_64 0.2.0 NOTE
r-oldrel-windows-ix86+x86_64 0.2.0 3.00 33.00 36.00 NOTE
r-oldrel-osx-x86_64 0.2.0 NOTE

Check Details

Version: 0.2.0
Check: R code for possible problems
Result: NOTE
    plot.rbga: no visible global function definition for 'par'
    plot.rbga: no visible global function definition for 'hist'
    plot.rbga: no visible global function definition for 'plot'
    plot.rbga: no visible global function definition for 'lines'
    rbga: no visible global function definition for 'runif'
    rbga: no visible global function definition for 'dnorm'
    rbga.bin: no visible global function definition for 'dnorm'
    rbga.bin: no visible global function definition for 'runif'
    Undefined global functions or variables:
     dnorm hist lines par plot runif
    Consider adding
     importFrom("graphics", "hist", "lines", "par", "plot")
     importFrom("stats", "dnorm", "runif")
    to your NAMESPACE file.
Flavors: r-devel-linux-x86_64-debian-clang, r-devel-linux-x86_64-debian-gcc, r-devel-linux-x86_64-fedora-clang, r-devel-linux-x86_64-fedora-gcc, r-devel-windows-ix86+x86_64, r-patched-linux-x86_64, r-patched-solaris-x86, r-release-linux-x86_64, r-release-windows-ix86+x86_64, r-release-osx-x86_64, r-oldrel-windows-ix86+x86_64, r-oldrel-osx-x86_64