CRAN Package Check Results for Package gender

Last updated on 2019-12-09 05:47:13 CET.

Flavor Version Tinstall Tcheck Ttotal Status Flags
r-devel-linux-x86_64-debian-clang 0.5.3 3.98 41.64 45.62 NOTE
r-devel-linux-x86_64-debian-gcc 0.5.3 3.57 33.57 37.14 NOTE
r-devel-linux-x86_64-fedora-clang 0.5.3 56.55 NOTE
r-devel-linux-x86_64-fedora-gcc 0.5.3 53.18 NOTE
r-devel-windows-ix86+x86_64 0.5.3 10.00 82.00 92.00 NOTE
r-devel-windows-ix86+x86_64-gcc8 0.5.3 16.00 54.00 70.00 NOTE
r-patched-linux-x86_64 0.5.3 3.36 37.03 40.39 NOTE
r-patched-solaris-x86 0.5.3 77.90 NOTE
r-release-linux-x86_64 0.5.3 3.05 37.10 40.15 NOTE
r-release-windows-ix86+x86_64 0.5.3 10.00 54.00 64.00 NOTE
r-release-osx-x86_64 0.5.3 NOTE
r-oldrel-windows-ix86+x86_64 0.5.3 5.00 50.00 55.00 NOTE
r-oldrel-osx-x86_64 0.5.3 NOTE

Check Details

Version: 0.5.3
Check: package dependencies
Result: NOTE
    Package suggested but not available for checking: 'genderdata'
Flavors: r-devel-linux-x86_64-debian-clang, r-devel-linux-x86_64-debian-gcc, r-devel-linux-x86_64-fedora-clang, r-devel-linux-x86_64-fedora-gcc, r-devel-windows-ix86+x86_64, r-devel-windows-ix86+x86_64-gcc8, r-patched-linux-x86_64, r-patched-solaris-x86, r-release-linux-x86_64, r-release-windows-ix86+x86_64, r-release-osx-x86_64, r-oldrel-windows-ix86+x86_64, r-oldrel-osx-x86_64