CRAN Package Check Results for Package gender

Last updated on 2019-08-18 05:46:14 CEST.

Flavor Version Tinstall Tcheck Ttotal Status Flags
r-devel-linux-x86_64-debian-clang 0.5.2 3.75 38.03 41.78 NOTE
r-devel-linux-x86_64-debian-gcc 0.5.2 3.47 29.80 33.27 NOTE
r-devel-linux-x86_64-fedora-clang 0.5.2 51.90 NOTE
r-devel-linux-x86_64-fedora-gcc 0.5.2 47.53 NOTE
r-devel-windows-ix86+x86_64 0.5.2 14.00 72.00 86.00 NOTE
r-patched-linux-x86_64 0.5.2 3.50 36.83 40.33 NOTE
r-patched-solaris-x86 0.5.2 76.10 NOTE
r-release-linux-x86_64 0.5.2 3.98 37.22 41.20 NOTE
r-release-windows-ix86+x86_64 0.5.2 14.00 76.00 90.00 NOTE
r-release-osx-x86_64 0.5.2 NOTE
r-oldrel-windows-ix86+x86_64 0.5.2 8.00 70.00 78.00 NOTE
r-oldrel-osx-x86_64 0.5.2 NOTE

Check Details

Version: 0.5.2
Check: package dependencies
Result: NOTE
    Package suggested but not available for checking: 'genderdata'
Flavors: r-devel-linux-x86_64-debian-clang, r-devel-linux-x86_64-debian-gcc, r-devel-linux-x86_64-fedora-clang, r-devel-linux-x86_64-fedora-gcc, r-devel-windows-ix86+x86_64, r-patched-linux-x86_64, r-patched-solaris-x86, r-release-linux-x86_64, r-release-windows-ix86+x86_64, r-release-osx-x86_64, r-oldrel-windows-ix86+x86_64, r-oldrel-osx-x86_64