CRAN Package Check Results for Package gensphere

Last updated on 2019-09-22 05:46:12 CEST.

Flavor Version Tinstall Tcheck Ttotal Status Flags
r-devel-linux-x86_64-debian-clang 1.1 3.42 32.53 35.95 OK
r-devel-linux-x86_64-debian-gcc 1.1 3.12 26.33 29.45 OK
r-devel-linux-x86_64-fedora-clang 1.1 44.73 OK
r-devel-linux-x86_64-fedora-gcc 1.1 44.46 OK
r-devel-windows-ix86+x86_64 1.1 28.00 76.00 104.00 OK
r-patched-linux-x86_64 1.1 3.75 32.68 36.43 OK
r-patched-solaris-x86 1.1 72.30 OK
r-release-linux-x86_64 1.1 3.84 32.51 36.35 OK
r-release-windows-ix86+x86_64 1.1 14.00 50.00 64.00 OK
r-release-osx-x86_64 1.1 WARN
r-oldrel-windows-ix86+x86_64 1.1 7.00 50.00 57.00 OK
r-oldrel-osx-x86_64 1.1 OK

Check Details

Version: 1.1
Check: whether package can be installed
Result: WARN
    Found the following significant warnings:
     Warning: 'rgl_init' failed, running with rgl.useNULL = TRUE
Flavor: r-release-osx-x86_64