CRAN Package Check Results for Package gensphere

Last updated on 2020-06-05 05:48:47 CEST.

Flavor Version Tinstall Tcheck Ttotal Status Flags
r-devel-linux-x86_64-debian-clang 1.1 4.97 38.90 43.87 OK
r-devel-linux-x86_64-debian-gcc 1.1 4.04 31.58 35.62 OK
r-devel-linux-x86_64-fedora-clang 1.1 62.19 OK
r-devel-linux-x86_64-fedora-gcc 1.1 52.89 OK
r-devel-windows-ix86+x86_64 1.1 17.00 78.00 95.00 OK
r-patched-linux-x86_64 1.1 4.54 39.36 43.90 OK
r-patched-solaris-x86 1.1 85.40 OK
r-release-linux-x86_64 1.1 3.73 39.35 43.08 OK
r-release-osx-x86_64 1.1 OK
r-release-windows-ix86+x86_64 1.1 14.00 81.00 95.00 OK
r-oldrel-osx-x86_64 1.1 WARN
r-oldrel-windows-ix86+x86_64 1.1 20.00 53.00 73.00 OK

Check Details

Version: 1.1
Check: whether package can be installed
Result: WARN
    Found the following significant warnings:
     Warning: 'rgl_init' failed, running with rgl.useNULL = TRUE
Flavor: r-oldrel-osx-x86_64