CRAN Package Check Results for Package gensphere

Last updated on 2019-11-17 05:47:12 CET.

Flavor Version Tinstall Tcheck Ttotal Status Flags
r-devel-linux-x86_64-debian-clang 1.1 4.38 35.82 40.20 OK
r-devel-linux-x86_64-debian-gcc 1.1 3.43 27.58 31.01 OK
r-devel-linux-x86_64-fedora-clang 1.1 48.16 OK
r-devel-linux-x86_64-fedora-gcc 1.1 47.29 OK
r-devel-windows-ix86+x86_64 1.1 31.00 56.00 87.00 OK
r-patched-linux-x86_64 1.1 3.67 34.34 38.01 OK
r-patched-solaris-x86 1.1 74.50 OK
r-release-linux-x86_64 1.1 3.82 33.95 37.77 OK
r-release-windows-ix86+x86_64 1.1 13.00 80.00 93.00 OK
r-release-osx-x86_64 1.1 WARN
r-oldrel-windows-ix86+x86_64 1.1 7.00 91.00 98.00 OK
r-oldrel-osx-x86_64 1.1 OK

Check Details

Version: 1.1
Check: whether package can be installed
Result: WARN
    Found the following significant warnings:
     Warning: 'rgl_init' failed, running with rgl.useNULL = TRUE
Flavor: r-release-osx-x86_64