CRAN Package Check Results for Package geodist

Last updated on 2022-01-23 05:57:52 CET.

Flavor Version Tinstall Tcheck Ttotal Status Flags
r-devel-linux-x86_64-debian-clang 0.0.7 6.36 35.48 41.84 NOTE
r-devel-linux-x86_64-debian-gcc 0.0.7 5.14 29.65 34.79 NOTE
r-devel-linux-x86_64-fedora-clang 0.0.7 51.82 NOTE
r-devel-linux-x86_64-fedora-gcc 0.0.7 41.01 NOTE
r-devel-windows-x86_64-new-UL 0.0.7 42.00 61.00 103.00 NOTE
r-devel-windows-x86_64-new-TK 0.0.7 NOTE
r-patched-linux-x86_64 0.0.7 5.36 33.17 38.53 NOTE
r-release-linux-x86_64 0.0.7 5.63 33.61 39.24 NOTE
r-release-macos-arm64 0.0.7 NOTE
r-release-macos-x86_64 0.0.7 NOTE
r-release-windows-ix86+x86_64 0.0.7 25.00 55.00 80.00 NOTE
r-oldrel-macos-x86_64 0.0.7 OK
r-oldrel-windows-ix86+x86_64 0.0.7 25.00 54.00 79.00 OK

Check Details

Version: 0.0.7
Check: LazyData
Result: NOTE
     'LazyData' is specified without a 'data' directory
Flavors: r-devel-linux-x86_64-debian-clang, r-devel-linux-x86_64-debian-gcc, r-devel-linux-x86_64-fedora-clang, r-devel-linux-x86_64-fedora-gcc, r-devel-windows-x86_64-new-UL, r-devel-windows-x86_64-new-TK, r-patched-linux-x86_64, r-release-linux-x86_64, r-release-macos-arm64, r-release-macos-x86_64, r-release-windows-ix86+x86_64