Last updated on 2023-02-01 05:50:46 CET.
Flavor | Version | Tinstall | Tcheck | Ttotal | Status | Flags |
---|---|---|---|---|---|---|
r-devel-linux-x86_64-debian-clang | 1.0.5 | 62.21 | 821.64 | 883.85 | NOTE | |
r-devel-linux-x86_64-debian-gcc | 1.0.5 | 47.67 | 559.74 | 607.41 | NOTE | |
r-devel-linux-x86_64-fedora-clang | 1.0.5 | 1064.53 | NOTE | |||
r-devel-linux-x86_64-fedora-gcc | 1.0.5 | 1047.58 | NOTE | |||
r-devel-windows-x86_64 | 1.0.5 | 85.00 | 962.00 | 1047.00 | NOTE | |
r-patched-linux-x86_64 | 1.0.5 | 56.89 | 738.43 | 795.32 | OK | |
r-release-linux-x86_64 | 1.0.5 | 59.51 | 740.55 | 800.06 | OK | |
r-release-macos-arm64 | 1.0.5 | 400.00 | NOTE | |||
r-release-macos-x86_64 | 1.0.5 | 538.00 | NOTE | |||
r-release-windows-x86_64 | 1.0.5 | 75.00 | 1045.00 | 1120.00 | OK | |
r-oldrel-macos-arm64 | 1.0.5 | 405.00 | NOTE | |||
r-oldrel-macos-x86_64 | 1.0.5 | 519.00 | NOTE | |||
r-oldrel-windows-ix86+x86_64 | 1.0.5 | 144.00 | 1070.00 | 1214.00 | OK |
Version: 1.0.5
Check: C++ specification
Result: NOTE
Specified C++11: please update to current default of C++17
Flavors: r-devel-linux-x86_64-debian-clang, r-devel-linux-x86_64-debian-gcc, r-devel-linux-x86_64-fedora-clang, r-devel-linux-x86_64-fedora-gcc, r-devel-windows-x86_64
Version: 1.0.5
Check: dependencies in R code
Result: NOTE
Namespaces in Imports field not imported from:
‘phonTools’ ‘rgdal’ ‘rgeos’
All declared Imports should be used.
Flavors: r-devel-linux-x86_64-fedora-clang, r-devel-linux-x86_64-fedora-gcc, r-release-macos-arm64, r-release-macos-x86_64, r-oldrel-macos-arm64, r-oldrel-macos-x86_64