CRAN Package Check Results for Package geometry

Last updated on 2019-12-09 05:47:13 CET.

Flavor Version Tinstall Tcheck Ttotal Status Flags
r-devel-linux-x86_64-debian-clang 0.4.5 38.31 51.39 89.70 OK
r-devel-linux-x86_64-debian-gcc 0.4.5 24.65 42.22 66.87 OK
r-devel-linux-x86_64-fedora-clang 0.4.5 115.12 OK
r-devel-linux-x86_64-fedora-gcc 0.4.5 113.68 OK
r-devel-windows-ix86+x86_64 0.4.5 120.00 121.00 241.00 OK
r-devel-windows-ix86+x86_64-gcc8 0.4.4 92.00 120.00 212.00 OK
r-patched-linux-x86_64 0.4.5 27.01 47.23 74.24 OK
r-patched-solaris-x86 0.4.5 124.50 OK
r-release-linux-x86_64 0.4.5 28.01 48.56 76.57 OK
r-release-windows-ix86+x86_64 0.4.5 117.00 157.00 274.00 OK
r-release-osx-x86_64 0.4.5 NOTE
r-oldrel-windows-ix86+x86_64 0.4.5 79.00 110.00 189.00 OK
r-oldrel-osx-x86_64 0.4.5 NOTE

Check Details

Version: 0.4.5
Check: dependencies in R code
Result: NOTE
    No protocol specified
Flavors: r-release-osx-x86_64, r-oldrel-osx-x86_64