CRAN Package Check Results for Package geouy

Last updated on 2022-01-27 05:55:54 CET.

Flavor Version Tinstall Tcheck Ttotal Status Flags
r-devel-linux-x86_64-debian-clang 0.2.5 32.46 285.25 317.71 OK
r-devel-linux-x86_64-debian-gcc 0.2.5 24.85 211.70 236.55 OK
r-devel-linux-x86_64-fedora-clang 0.2.5 403.03 NOTE
r-devel-linux-x86_64-fedora-gcc 0.2.5 376.61 NOTE
r-devel-windows-x86_64-new-UL 0.2.5 46.00 280.00 326.00 OK
r-devel-windows-x86_64-new-TK 0.2.5 NOTE
r-patched-linux-x86_64 0.2.5 23.07 250.77 273.84 OK
r-release-linux-x86_64 0.2.5 19.82 248.43 268.25 OK
r-release-macos-arm64 0.2.5 NOTE
r-release-macos-x86_64 0.2.5 NOTE
r-release-windows-ix86+x86_64 0.2.5 67.00 271.00 338.00 OK
r-oldrel-macos-x86_64 0.2.5 NOTE
r-oldrel-windows-ix86+x86_64 0.2.5 70.00 270.00 340.00 ERROR

Check Details

Version: 0.2.5
Check: data for non-ASCII characters
Result: NOTE
     Note: found 64 marked Latin-1 strings
     Note: found 25 marked UTF-8 strings
Flavors: r-devel-linux-x86_64-fedora-clang, r-devel-linux-x86_64-fedora-gcc, r-devel-windows-x86_64-new-TK, r-release-macos-arm64, r-release-macos-x86_64, r-oldrel-macos-x86_64

Version: 0.2.5
Check: examples
Result: ERROR
    Running examples in 'geouy-Ex.R' failed
    The error occurred in:
    
    
    R version 4.0.5 (2021-03-31) -- "Shake and Throw"
    Copyright (C) 2021 The R Foundation for Statistical Computing
    Platform: x86_64-w64-mingw32/x64 (64-bit)
    
    R is free software and comes with ABSOLUTELY NO WARRANTY.
    You are welcome to redistribute it under certain conditions.
    Type 'license()' or 'licence()' for distribution details.
    
     Natural language support but running in an English locale
    
    R is a collaborative project with many contributors.
    Type 'contributors()' for more information and
    'citation()' on how to cite R or R packages in publications.
    
    Type 'demo()' for some demos, 'help()' for on-line help, or
    'help.start()' for an HTML browser interface to help.
    Type 'q()' to quit R.
    
    > pkgname <- "geouy"
    > source(file.path(R.home("share"), "R", "examples-header.R"))
    > options(warn = 1)
    > options(pager = "console")
    > library('geouy')
    Error in library("geouy") : there is no package called 'geouy'
    Execution halted
Flavor: r-oldrel-windows-ix86+x86_64