CRAN Package Check Results for Package getProxy

Last updated on 2020-07-15 05:48:02 CEST.

Flavor Version Tinstall Tcheck Ttotal Status Flags
r-devel-linux-x86_64-debian-clang 1.12 2.10 26.53 28.63 OK
r-devel-linux-x86_64-debian-gcc 1.12 2.25 20.49 22.74 OK
r-devel-linux-x86_64-fedora-clang 1.12 44.32 NOTE
r-devel-linux-x86_64-fedora-gcc 1.12 34.56 NOTE
r-devel-windows-ix86+x86_64 1.12 13.00 50.00 63.00 OK
r-patched-linux-x86_64 1.12 2.53 26.05 28.58 OK
r-patched-solaris-x86 1.12 56.30 NOTE
r-release-linux-x86_64 1.12 2.63 25.50 28.13 OK
r-release-macos-x86_64 1.12 ERROR
r-release-windows-ix86+x86_64 1.12 11.00 36.00 47.00 OK
r-oldrel-macos-x86_64 1.12 NOTE
r-oldrel-windows-ix86+x86_64 1.12 8.00 49.00 57.00 OK

Check Details

Version: 1.12
Check: dependencies in R code
Result: NOTE
    Namespaces in Imports field not imported from:
     ‘bitops’ ‘data.table’ ‘dplyr’ ‘httr’
     All declared Imports should be used.
Flavors: r-devel-linux-x86_64-fedora-clang, r-devel-linux-x86_64-fedora-gcc, r-patched-solaris-x86, r-oldrel-macos-x86_64

Version: 1.12
Check: whether package can be installed
Result: ERROR
    Installation failed.
Flavor: r-release-macos-x86_64