CRAN Package Check Results for Package getProxy

Last updated on 2019-12-07 05:47:33 CET.

Flavor Version Tinstall Tcheck Ttotal Status Flags
r-devel-linux-x86_64-debian-clang 1.12 2.51 24.94 27.45 OK
r-devel-linux-x86_64-debian-gcc 1.12 2.13 19.97 22.10 OK
r-devel-linux-x86_64-fedora-clang 1.12 32.41 NOTE
r-devel-linux-x86_64-fedora-gcc 1.12 31.85 NOTE
r-devel-windows-ix86+x86_64 1.12 7.00 39.00 46.00 OK
r-devel-windows-ix86+x86_64-gcc8 1.12 9.00 40.00 49.00 OK
r-patched-linux-x86_64 1.12 1.88 22.95 24.83 OK
r-patched-solaris-x86 1.12 50.30 NOTE
r-release-linux-x86_64 1.12 1.74 22.35 24.09 OK
r-release-windows-ix86+x86_64 1.12 6.00 36.00 42.00 OK
r-release-osx-x86_64 1.12 NOTE
r-oldrel-windows-ix86+x86_64 1.12 4.00 31.00 35.00 OK
r-oldrel-osx-x86_64 1.12 NOTE

Check Details

Version: 1.12
Check: dependencies in R code
Result: NOTE
    Namespaces in Imports field not imported from:
     ‘bitops’ ‘data.table’ ‘dplyr’ ‘httr’
     All declared Imports should be used.
Flavors: r-devel-linux-x86_64-fedora-clang, r-devel-linux-x86_64-fedora-gcc, r-patched-solaris-x86, r-release-osx-x86_64, r-oldrel-osx-x86_64