CRAN Package Check Results for Package ggHoriPlot

Last updated on 2022-01-22 05:10:18 CET.

Flavor Version Tinstall Tcheck Ttotal Status Flags
r-devel-linux-x86_64-debian-clang 1.0.0 6.43 195.24 201.67 OK
r-devel-linux-x86_64-debian-gcc 1.0.0 5.33 137.07 142.40 OK
r-devel-linux-x86_64-fedora-clang 1.0.0 228.69 NOTE
r-devel-linux-x86_64-fedora-gcc 1.0.0 228.90 OK
r-devel-windows-x86_64-new-UL 1.0.0 45.00 215.00 260.00 OK
r-devel-windows-x86_64-new-TK 1.0.0 OK
r-patched-linux-x86_64 1.0.0 5.08 173.61 178.69 OK
r-release-linux-x86_64 1.0.0 6.11 172.39 178.50 OK
r-release-macos-arm64 1.0.0 OK
r-release-macos-x86_64 1.0.0 OK
r-release-windows-ix86+x86_64 1.0.0 16.00 237.00 253.00 OK
r-oldrel-macos-x86_64 1.0.0 OK
r-oldrel-windows-ix86+x86_64 1.0.0 17.00 212.00 229.00 OK

Check Details

Version: 1.0.0
Check: Rd cross-references
Result: NOTE
    Undeclared package ‘rlang’ in Rd xrefs
Flavor: r-devel-linux-x86_64-fedora-clang