Last updated on 2023-12-11 05:51:54 CET.
Flavor | Version | Tinstall | Tcheck | Ttotal | Status | Flags |
---|---|---|---|---|---|---|
r-devel-linux-x86_64-debian-clang | 0.0.31 | 7.86 | 95.07 | 102.93 | NOTE | |
r-devel-linux-x86_64-debian-gcc | 0.0.31 | 7.03 | 72.68 | 79.71 | NOTE | |
r-devel-linux-x86_64-fedora-clang | 0.0.31 | 128.27 | NOTE | |||
r-devel-linux-x86_64-fedora-gcc | 0.0.31 | 132.84 | NOTE | |||
r-devel-windows-x86_64 | 0.0.31 | 9.00 | 105.00 | 114.00 | NOTE | |
r-patched-linux-x86_64 | 0.0.31 | 11.97 | 91.22 | 103.19 | NOTE | |
r-release-linux-x86_64 | 0.0.31 | 5.23 | 90.40 | 95.63 | NOTE | |
r-release-macos-arm64 | 0.0.31 | 46.00 | NOTE | |||
r-release-macos-x86_64 | 0.0.31 | 70.00 | NOTE | |||
r-release-windows-x86_64 | 0.0.31 | 11.00 | 124.00 | 135.00 | NOTE | |
r-oldrel-macos-arm64 | 0.0.31 | 40.00 | NOTE | |||
r-oldrel-macos-x86_64 | 0.0.31 | 76.00 | NOTE | |||
r-oldrel-windows-x86_64 | 0.0.31 | 11.00 | 115.00 | 126.00 | NOTE |
Version: 0.0.31
Check: LazyData
Result: NOTE
'LazyData' is specified without a 'data' directory
Flavors: r-devel-linux-x86_64-debian-clang, r-devel-linux-x86_64-debian-gcc, r-devel-linux-x86_64-fedora-clang, r-devel-linux-x86_64-fedora-gcc, r-devel-windows-x86_64, r-patched-linux-x86_64, r-release-linux-x86_64, r-release-macos-arm64, r-release-macos-x86_64, r-release-windows-x86_64, r-oldrel-macos-arm64, r-oldrel-macos-x86_64, r-oldrel-windows-x86_64