Last updated on 2023-01-31 06:01:05 CET.
Flavor | Version | Tinstall | Tcheck | Ttotal | Status | Flags |
---|---|---|---|---|---|---|
r-devel-linux-x86_64-debian-clang | 0.0.31 | 7.39 | 96.40 | 103.79 | NOTE | |
r-devel-linux-x86_64-debian-gcc | 0.0.31 | 5.03 | 69.30 | 74.33 | NOTE | |
r-devel-linux-x86_64-fedora-clang | 0.0.31 | 126.38 | NOTE | |||
r-devel-linux-x86_64-fedora-gcc | 0.0.31 | 134.94 | NOTE | |||
r-devel-windows-x86_64 | 0.0.31 | 58.00 | 158.00 | 216.00 | NOTE | |
r-patched-linux-x86_64 | 0.0.31 | 12.58 | 90.55 | 103.13 | NOTE | |
r-release-linux-x86_64 | 0.0.31 | 8.26 | 85.58 | 93.84 | NOTE | |
r-release-macos-arm64 | 0.0.31 | 40.00 | NOTE | |||
r-release-macos-x86_64 | 0.0.31 | 76.00 | NOTE | |||
r-release-windows-x86_64 | 0.0.31 | 53.00 | 143.00 | 196.00 | NOTE | |
r-oldrel-macos-arm64 | 0.0.31 | 55.00 | NOTE | |||
r-oldrel-macos-x86_64 | 0.0.31 | 72.00 | NOTE | |||
r-oldrel-windows-ix86+x86_64 | 0.0.31 | 21.00 | 133.00 | 154.00 | NOTE |
Version: 0.0.31
Check: LazyData
Result: NOTE
'LazyData' is specified without a 'data' directory
Flavors: r-devel-linux-x86_64-debian-clang, r-devel-linux-x86_64-debian-gcc, r-devel-linux-x86_64-fedora-clang, r-devel-linux-x86_64-fedora-gcc, r-devel-windows-x86_64, r-patched-linux-x86_64, r-release-linux-x86_64, r-release-macos-arm64, r-release-macos-x86_64, r-release-windows-x86_64, r-oldrel-macos-arm64, r-oldrel-macos-x86_64, r-oldrel-windows-ix86+x86_64