CRAN Package Check Results for Package ggalt

Last updated on 2021-11-30 05:53:19 CET.

Flavor Version Tinstall Tcheck Ttotal Status Flags
r-devel-linux-x86_64-debian-clang 0.4.0 8.55 112.20 120.75 NOTE
r-devel-linux-x86_64-debian-gcc 0.4.0 6.57 82.09 88.66 NOTE
r-devel-linux-x86_64-fedora-clang 0.4.0 154.16 NOTE
r-devel-linux-x86_64-fedora-gcc 0.4.0 140.93 NOTE
r-devel-windows-x86_64-new-UL 0.4.0 46.00 171.00 217.00 NOTE
r-devel-windows-x86_64-new-TK 0.4.0 NOTE
r-devel-windows-x86_64-old 0.4.0 14.00 103.00 117.00 NOTE
r-patched-linux-x86_64 0.4.0 13.64 99.57 113.21 NOTE
r-patched-solaris-x86 0.4.0 154.10 NOTE
r-release-linux-x86_64 0.4.0 8.63 100.96 109.59 NOTE
r-release-macos-arm64 0.4.0 NOTE
r-release-macos-x86_64 0.4.0 NOTE
r-release-windows-ix86+x86_64 0.4.0 20.00 99.00 119.00 NOTE
r-oldrel-macos-x86_64 0.4.0 NOTE
r-oldrel-windows-ix86+x86_64 0.4.0 14.00 99.00 113.00 OK

Check Details

Version: 0.4.0
Check: LazyData
Result: NOTE
     'LazyData' is specified without a 'data' directory
Flavors: r-devel-linux-x86_64-debian-clang, r-devel-linux-x86_64-debian-gcc, r-devel-linux-x86_64-fedora-clang, r-devel-linux-x86_64-fedora-gcc, r-devel-windows-x86_64-new-UL, r-devel-windows-x86_64-new-TK, r-devel-windows-x86_64-old, r-patched-linux-x86_64, r-patched-solaris-x86, r-release-linux-x86_64, r-release-macos-arm64, r-release-macos-x86_64, r-release-windows-ix86+x86_64

Version: 0.4.0
Check: dependencies in R code
Result: NOTE
    Namespace in Imports field not imported from: ‘plotly’
     All declared Imports should be used.
Flavors: r-devel-linux-x86_64-fedora-clang, r-devel-linux-x86_64-fedora-gcc, r-devel-windows-x86_64-new-TK, r-patched-solaris-x86, r-release-macos-arm64, r-release-macos-x86_64, r-oldrel-macos-x86_64