CRAN Package Check Results for Package ggeffects

Last updated on 2021-12-02 05:48:58 CET.

Flavor Version Tinstall Tcheck Ttotal Status Flags
r-devel-linux-x86_64-debian-clang 1.1.1 9.33 358.32 367.65 OK
r-devel-linux-x86_64-debian-gcc 1.1.1 6.39 263.89 270.28 OK
r-devel-linux-x86_64-fedora-clang 1.1.1 457.94 OK
r-devel-linux-x86_64-fedora-gcc 1.1.1 441.39 OK
r-devel-windows-x86_64-new-UL 1.1.1 20.00 519.00 539.00 OK
r-devel-windows-x86_64-new-TK 1.1.1 OK
r-devel-windows-x86_64-old 1.1.1 14.00 395.00 409.00 OK
r-patched-linux-x86_64 1.1.1 8.05 338.08 346.13 OK
r-patched-solaris-x86 1.1.1 138.80 NOTE
r-release-linux-x86_64 1.1.1 9.40 343.17 352.57 OK
r-release-macos-arm64 1.1.1 OK
r-release-macos-x86_64 1.1.1 OK
r-release-windows-ix86+x86_64 1.1.1 16.00 497.00 513.00 OK
r-oldrel-macos-x86_64 1.1.1 OK
r-oldrel-windows-ix86+x86_64 1.1.1 17.00 422.00 439.00 OK

Check Details

Version: 1.1.1
Check: package dependencies
Result: NOTE
    Package suggested but not available for checking: ‘glmmTMB’
Flavor: r-patched-solaris-x86