CRAN Package Check Results for Package ggfittext

Last updated on 2019-11-20 05:47:07 CET.

Flavor Version Tinstall Tcheck Ttotal Status Flags
r-devel-linux-x86_64-debian-clang 0.8.1 3.91 48.20 52.11 OK
r-devel-linux-x86_64-debian-gcc 0.8.1 3.00 38.26 41.26 OK
r-devel-linux-x86_64-fedora-clang 0.8.1 59.92 OK
r-devel-linux-x86_64-fedora-gcc 0.8.1 63.96 OK
r-devel-windows-ix86+x86_64 0.8.1 17.00 110.00 127.00 OK
r-devel-windows-ix86+x86_64-gcc8 0.8.1 12.00 57.00 69.00 OK
r-patched-linux-x86_64 0.8.1 3.42 41.21 44.63 ERROR
r-patched-solaris-x86 0.8.1 84.10 OK
r-release-linux-x86_64 0.8.1 2.88 45.44 48.32 OK
r-release-windows-ix86+x86_64 0.8.1 16.00 89.00 105.00 OK
r-release-osx-x86_64 0.8.1 OK
r-oldrel-windows-ix86+x86_64 0.8.1 5.00 58.00 63.00 OK
r-oldrel-osx-x86_64 0.8.1 OK

Check Details

Version: 0.8.1
Check: package dependencies
Result: NOTE
    Package suggested but not available for checking: ‘vdiffr’
Flavor: r-patched-linux-x86_64

Version: 0.8.1
Check: tests
Result: ERROR
     Running ‘spelling.R’ [0s/0s]
     Running ‘testthat.R’ [7s/8s]
    Running the tests in ‘tests/testthat.R’ failed.
    Complete output:
     > library(testthat)
     > library(ggfittext)
     >
     > test_check("ggfittext")
     ── 1. Error: plots look the way they should (@test_plots.R#18) ────────────────
     there is no package called 'vdiffr'
     Backtrace:
     1. vdiffr::expect_doppelganger
     2. base::getExportedValue(pkg, name)
     3. base::asNamespace(ns)
     4. base::getNamespace(ns)
     5. base::loadNamespace(name)
     6. base::withRestarts(stop(cond), retry_loadNamespace = function() NULL)
     7. base:::withOneRestart(expr, restarts[[1L]])
     8. base:::doWithOneRestart(return(expr), restart)
    
     ══ testthat results ═══════════════════════════════════════════════════════════
     [ OK: 13 | SKIPPED: 0 | WARNINGS: 0 | FAILED: 1 ]
     1. Error: plots look the way they should (@test_plots.R#18)
    
     Error: testthat unit tests failed
     Execution halted
Flavor: r-patched-linux-x86_64