CRAN Package Check Results for Package ggfocus

Last updated on 2021-11-30 05:53:20 CET.

Flavor Version Tinstall Tcheck Ttotal Status Flags
r-devel-linux-x86_64-debian-clang 1.0.0 5.01 65.57 70.58 NOTE
r-devel-linux-x86_64-debian-gcc 1.0.0 3.60 48.27 51.87 NOTE
r-devel-linux-x86_64-fedora-clang 1.0.0 94.34 NOTE
r-devel-linux-x86_64-fedora-gcc 1.0.0 80.64 NOTE
r-devel-windows-x86_64-new-UL 1.0.0 12.00 115.00 127.00 NOTE
r-devel-windows-x86_64-new-TK 1.0.0 NOTE
r-devel-windows-x86_64-old 1.0.0 9.00 65.00 74.00 NOTE
r-patched-linux-x86_64 1.0.0 4.90 57.71 62.61 NOTE
r-patched-solaris-x86 1.0.0 88.30 NOTE
r-release-linux-x86_64 1.0.0 4.59 57.50 62.09 NOTE
r-release-macos-arm64 1.0.0 NOTE
r-release-macos-x86_64 1.0.0 NOTE
r-release-windows-ix86+x86_64 1.0.0 14.00 60.00 74.00 NOTE
r-oldrel-macos-x86_64 1.0.0 OK
r-oldrel-windows-ix86+x86_64 1.0.0 12.00 65.00 77.00 OK

Check Details

Version: 1.0.0
Check: LazyData
Result: NOTE
     'LazyData' is specified without a 'data' directory
Flavors: r-devel-linux-x86_64-debian-clang, r-devel-linux-x86_64-debian-gcc, r-devel-linux-x86_64-fedora-clang, r-devel-linux-x86_64-fedora-gcc, r-devel-windows-x86_64-new-UL, r-devel-windows-x86_64-new-TK, r-devel-windows-x86_64-old, r-patched-linux-x86_64, r-patched-solaris-x86, r-release-linux-x86_64, r-release-macos-arm64, r-release-macos-x86_64, r-release-windows-ix86+x86_64