CRAN Package Check Results for Package ggformula

Last updated on 2020-02-16 05:47:54 CET.

Flavor Version Tinstall Tcheck Ttotal Status Flags
r-devel-linux-x86_64-debian-clang 0.9.3 17.31 351.39 368.70 OK
r-devel-linux-x86_64-debian-gcc 0.9.3 18.01 253.16 271.17 OK
r-devel-linux-x86_64-fedora-clang 0.9.3 410.59 NOTE
r-devel-linux-x86_64-fedora-gcc 0.9.3 282.33 NOTE
r-devel-windows-ix86+x86_64 0.9.3 29.00 335.00 364.00 OK
r-devel-windows-ix86+x86_64-gcc8 0.9.2 40.00 521.00 561.00 OK
r-patched-linux-x86_64 0.9.3 14.92 305.00 319.92 OK
r-patched-solaris-x86 0.9.3 507.20 NOTE
r-release-linux-x86_64 0.9.3 16.39 302.78 319.17 OK
r-release-windows-ix86+x86_64 0.9.2 21.00 308.00 329.00 WARN
r-release-osx-x86_64 0.9.3 NOTE
r-oldrel-windows-ix86+x86_64 0.9.2 23.00 338.00 361.00 WARN
r-oldrel-osx-x86_64 0.9.3 NOTE

Check Details

Version: 0.9.3
Check: dependencies in R code
Result: NOTE
    Namespace in Imports field not imported from: ‘tidyr’
     All declared Imports should be used.
Flavors: r-devel-linux-x86_64-fedora-clang, r-devel-linux-x86_64-fedora-gcc, r-patched-solaris-x86, r-release-osx-x86_64, r-oldrel-osx-x86_64

Version: 0.9.3
Check: installed package size
Result: NOTE
     installed size is 5.3Mb
     sub-directories of 1Mb or more:
     doc 3.0Mb
     tutorials 1.0Mb
Flavor: r-patched-solaris-x86

Version: 0.9.2
Check: re-building of vignette outputs
Result: WARN
    Error(s) in re-building vignettes:
    --- re-building 'ggformula-blog.Rmd' using rmarkdown
    --- finished re-building 'ggformula-blog.Rmd'
    
    --- re-building 'ggformula.Rmd' using rmarkdown
    Warning: Computation failed in `stat_density2d()`:
    missing value where TRUE/FALSE needed
    Quitting from lines 610-627 (ggformula.Rmd)
    Error: processing vignette 'ggformula.Rmd' failed with diagnostics:
    'nchar()' requires a character vector
    --- failed re-building 'ggformula.Rmd'
    
    --- re-building 'learn-more.Rmd' using rmarkdown
    --- finished re-building 'learn-more.Rmd'
    
    SUMMARY: processing the following file failed:
     'ggformula.Rmd'
    
    Error: Vignette re-building failed.
    Execution halted
Flavor: r-release-windows-ix86+x86_64

Version: 0.9.2
Check: re-building of vignette outputs
Result: WARN
    Error in re-building vignettes:
     ...
    Warning: Computation failed in `stat_density2d()`:
    missing value where TRUE/FALSE needed
    Quitting from lines 610-627 (ggformula.Rmd)
    Error: processing vignette 'ggformula.Rmd' failed with diagnostics:
    'nchar()' requires a character vector
    Execution halted
Flavor: r-oldrel-windows-ix86+x86_64