Last updated on 2023-01-29 05:49:37 CET.
Flavor | Version | Tinstall | Tcheck | Ttotal | Status | Flags |
---|---|---|---|---|---|---|
r-devel-linux-x86_64-debian-clang | 1.1.2 | 5.96 | 54.48 | 60.44 | NOTE | |
r-devel-linux-x86_64-debian-gcc | 1.1.2 | 3.91 | 39.65 | 43.56 | NOTE | |
r-devel-linux-x86_64-fedora-clang | 1.1.2 | 72.15 | NOTE | |||
r-devel-linux-x86_64-fedora-gcc | 1.1.2 | 71.07 | NOTE | |||
r-devel-windows-x86_64 | 1.1.2 | 13.00 | 84.00 | 97.00 | NOTE | |
r-patched-linux-x86_64 | 1.1.2 | 4.31 | 53.82 | 58.13 | NOTE | |
r-release-linux-x86_64 | 1.1.2 | 4.58 | 54.19 | 58.77 | NOTE | |
r-release-macos-arm64 | 1.1.2 | 25.00 | NOTE | |||
r-release-macos-x86_64 | 1.1.2 | 52.00 | NOTE | |||
r-release-windows-x86_64 | 1.1.2 | 9.00 | 81.00 | 90.00 | NOTE | |
r-oldrel-macos-arm64 | 1.1.2 | 25.00 | NOTE | |||
r-oldrel-macos-x86_64 | 1.1.2 | 43.00 | NOTE | |||
r-oldrel-windows-ix86+x86_64 | 1.1.2 | 14.00 | 78.00 | 92.00 | NOTE |
Version: 1.1.2
Check: LazyData
Result: NOTE
'LazyData' is specified without a 'data' directory
Flavors: r-devel-linux-x86_64-debian-clang, r-devel-linux-x86_64-debian-gcc, r-devel-linux-x86_64-fedora-clang, r-devel-linux-x86_64-fedora-gcc, r-devel-windows-x86_64, r-patched-linux-x86_64, r-release-linux-x86_64, r-release-macos-arm64, r-release-macos-x86_64, r-release-windows-x86_64, r-oldrel-macos-arm64, r-oldrel-macos-x86_64, r-oldrel-windows-ix86+x86_64