CRAN Package Check Results for Package ggiraphExtra

Last updated on 2019-12-14 05:47:30 CET.

Flavor Version Tinstall Tcheck Ttotal Status Flags
r-devel-linux-x86_64-debian-clang 0.2.9 14.70 241.52 256.22 OK
r-devel-linux-x86_64-debian-gcc 0.2.9 12.45 185.33 197.78 OK
r-devel-linux-x86_64-fedora-clang 0.2.9 289.07 NOTE
r-devel-linux-x86_64-fedora-gcc 0.2.9 313.74 NOTE
r-devel-windows-ix86+x86_64 0.2.9 35.00 288.00 323.00 OK
r-devel-windows-ix86+x86_64-gcc8 0.2.9 45.00 320.00 365.00 OK
r-patched-linux-x86_64 0.2.9 13.93 213.77 227.70 OK
r-patched-solaris-x86 0.2.9 347.30 WARN
r-release-linux-x86_64 0.2.9 13.31 214.72 228.03 OK
r-release-windows-ix86+x86_64 0.2.9 29.00 203.00 232.00 OK
r-release-osx-x86_64 0.2.9 WARN
r-oldrel-windows-ix86+x86_64 0.2.9 20.00 223.00 243.00 OK
r-oldrel-osx-x86_64 0.2.9 WARN

Check Details

Version: 0.2.9
Check: dependencies in R code
Result: NOTE
    Namespaces in Imports field not imported from:
     ‘ggforce’ ‘webshot’ ‘ztable’
     All declared Imports should be used.
Flavors: r-devel-linux-x86_64-fedora-clang, r-devel-linux-x86_64-fedora-gcc, r-patched-solaris-x86, r-release-osx-x86_64, r-oldrel-osx-x86_64

Version: 0.2.9
Check: re-building of vignette outputs
Result: WARN
    Error(s) in re-building vignettes:
     ...
    --- re-building ‘ggPredict.Rmd’ using rmarkdown
    Warning in engine$weave(file, quiet = quiet, encoding = enc) :
     Pandoc (>= 1.12.3) and/or pandoc-citeproc not available. Falling back to R Markdown v1.
    Loading required package: ggplot2
    Loading required package: ggiraph
    Loading required package: ggiraphExtra
    
    Attaching package: 'ggiraphExtra'
    
    The following objects are masked from 'package:moonBook':
    
     addLabelDf, getMapping
    
    Loading required package: plyr
    PhantomJS not found. You can install it with webshot::install_phantomjs(). If it is installed, please make sure the phantomjs executable can be found via the PATH variable.
    Quitting from lines 45-49 (ggPredict.Rmd)
    Error: processing vignette 'ggPredict.Rmd' failed with diagnostics:
    cannot open the connection
    --- failed re-building ‘ggPredict.Rmd’
    
    --- re-building ‘introduction.Rmd’ using rmarkdown
    Warning in engine$weave(file, quiet = quiet, encoding = enc) :
     Pandoc (>= 1.12.3) and/or pandoc-citeproc not available. Falling back to R Markdown v1.
    Loading required package: ggplot2
    Loading required package: ggiraph
    Loading required package: ggiraphExtra
    PhantomJS not found. You can install it with webshot::install_phantomjs(). If it is installed, please make sure the phantomjs executable can be found via the PATH variable.
    Warning in normalizePath(f2) :
     path[1]="webshot4a98325e2166.png": No such file or directory
    Warning in file(con, "rb") :
     cannot open file 'webshot4a98325e2166.png': No such file or directory
    Quitting from lines 28-33 (introduction.Rmd)
    Error: processing vignette 'introduction.Rmd' failed with diagnostics:
    cannot open the connection
    --- failed re-building ‘introduction.Rmd’
    
    SUMMARY: processing the following files failed:
     ‘ggPredict.Rmd’ ‘introduction.Rmd’
    
    Error: Vignette re-building failed.
    Execution halted
Flavor: r-patched-solaris-x86

Version: 0.2.9
Check: re-building of vignette outputs
Result: WARN
    Error(s) in re-building vignettes:
    --- re-building ‘ggPredict.Rmd’ using rmarkdown
    Warning in engine$weave(file, quiet = quiet, encoding = enc) :
     Pandoc (>= 1.12.3) and/or pandoc-citeproc not available. Falling back to R Markdown v1.
    Loading required package: ggplot2
    Loading required package: ggiraph
    Loading required package: ggiraphExtra
    
    Attaching package: 'ggiraphExtra'
    
    The following objects are masked from 'package:moonBook':
    
     addLabelDf, getMapping
    
    Loading required package: plyr
    PhantomJS not found. You can install it with webshot::install_phantomjs(). If it is installed, please make sure the phantomjs executable can be found via the PATH variable.
    Quitting from lines 45-49 (ggPredict.Rmd)
    Error: processing vignette 'ggPredict.Rmd' failed with diagnostics:
    cannot open the connection
    --- failed re-building ‘ggPredict.Rmd’
    
    --- re-building ‘introduction.Rmd’ using rmarkdown
    Warning in engine$weave(file, quiet = quiet, encoding = enc) :
     Pandoc (>= 1.12.3) and/or pandoc-citeproc not available. Falling back to R Markdown v1.
    Loading required package: ggplot2
    Loading required package: ggiraph
    Loading required package: ggiraphExtra
    PhantomJS not found. You can install it with webshot::install_phantomjs(). If it is installed, please make sure the phantomjs executable can be found via the PATH variable.
    Warning in normalizePath(f2) :
     path[1]="webshot8a65240e95b5.png": No such file or directory
    Warning in file(con, "rb") :
     cannot open file 'webshot8a65240e95b5.png': No such file or directory
    Quitting from lines 28-33 (introduction.Rmd)
    Error: processing vignette 'introduction.Rmd' failed with diagnostics:
    cannot open the connection
    --- failed re-building ‘introduction.Rmd’
    
    SUMMARY: processing the following files failed:
     ‘ggPredict.Rmd’ ‘introduction.Rmd’
    
    Error: Vignette re-building failed.
    Execution halted
Flavor: r-release-osx-x86_64

Version: 0.2.9
Check: re-building of vignette outputs
Result: WARN
    Error in re-building vignettes:
     ...
    Warning in engine$weave(file, quiet = quiet, encoding = enc) :
     Pandoc (>= 1.12.3) and/or pandoc-citeproc not available. Falling back to R Markdown v1.
    Loading required package: ggplot2
    Loading required package: ggiraph
    Loading required package: ggiraphExtra
    Loading required package: plyr
    PhantomJS not found. You can install it with webshot::install_phantomjs(). If it is installed, please make sure the phantomjs executable can be found via the PATH variable.
    Quitting from lines 45-49 (ggPredict.Rmd)
    Error: processing vignette 'ggPredict.Rmd' failed with diagnostics:
    cannot open the connection
    Execution halted
Flavor: r-oldrel-osx-x86_64