Last updated on 2023-02-05 05:52:02 CET.
Flavor | Version | Tinstall | Tcheck | Ttotal | Status | Flags |
---|---|---|---|---|---|---|
r-devel-linux-x86_64-debian-clang | 0.2.1 | 14.38 | 158.35 | 172.73 | OK | |
r-devel-linux-x86_64-debian-gcc | 0.2.1 | 11.13 | 115.17 | 126.30 | OK | |
r-devel-linux-x86_64-fedora-clang | 0.2.1 | 202.38 | NOTE | |||
r-devel-linux-x86_64-fedora-gcc | 0.2.1 | 207.35 | NOTE | |||
r-devel-windows-x86_64 | 0.2.1 | 27.00 | 186.00 | 213.00 | OK | |
r-patched-linux-x86_64 | 0.2.1 | 12.61 | 152.71 | 165.32 | OK | |
r-release-linux-x86_64 | 0.2.1 | 11.76 | 152.62 | 164.38 | OK | |
r-release-macos-arm64 | 0.2.1 | 5.00 | ERROR | |||
r-release-macos-x86_64 | 0.2.1 | 7.00 | ERROR | |||
r-release-windows-x86_64 | 0.2.1 | 29.00 | 197.00 | 226.00 | OK | |
r-oldrel-macos-arm64 | 0.2.1 | 10.00 | ERROR | |||
r-oldrel-macos-x86_64 | 0.2.1 | 12.00 | ERROR | |||
r-oldrel-windows-ix86+x86_64 | 0.2.1 | 33.00 | 176.00 | 209.00 | OK |
Version: 0.2.1
Check: dependencies in R code
Result: NOTE
Namespaces in Imports field not imported from:
‘cowplot’ ‘ggsci’ ‘memes’ ‘universalmotif’
All declared Imports should be used.
Flavors: r-devel-linux-x86_64-fedora-clang, r-devel-linux-x86_64-fedora-gcc
Version: 0.2.1
Check: package dependencies
Result: ERROR
Packages required but not available: 'memes', 'universalmotif'
See section ‘The DESCRIPTION file’ in the ‘Writing R Extensions’
manual.
Flavors: r-release-macos-arm64, r-release-macos-x86_64, r-oldrel-macos-arm64, r-oldrel-macos-x86_64