CRAN Package Check Results for Package ggnewscale

Last updated on 2021-12-01 05:59:26 CET.

Flavor Version Tinstall Tcheck Ttotal Status Flags
r-devel-linux-x86_64-debian-clang 0.4.5 3.94 49.20 53.14 NOTE
r-devel-linux-x86_64-debian-gcc 0.4.5 2.69 40.98 43.67 NOTE
r-devel-linux-x86_64-fedora-clang 0.4.5 75.03 NOTE
r-devel-linux-x86_64-fedora-gcc 0.4.5 61.78 NOTE
r-devel-windows-x86_64-new-UL 0.4.5 11.00 87.00 98.00 NOTE
r-devel-windows-x86_64-new-TK 0.4.5 NOTE
r-devel-windows-x86_64-old 0.4.5 8.00 53.00 61.00 NOTE
r-patched-linux-x86_64 0.4.5 3.62 44.74 48.36 NOTE
r-patched-solaris-x86 0.4.5 86.70 NOTE
r-release-linux-x86_64 0.4.5 3.71 44.43 48.14 NOTE
r-release-macos-arm64 0.4.5 NOTE
r-release-macos-x86_64 0.4.5 NOTE
r-release-windows-ix86+x86_64 0.4.5 12.00 55.00 67.00 NOTE
r-oldrel-macos-x86_64 0.4.5 OK
r-oldrel-windows-ix86+x86_64 0.4.5 9.00 52.00 61.00 OK

Check Details

Version: 0.4.5
Check: LazyData
Result: NOTE
     'LazyData' is specified without a 'data' directory
Flavors: r-devel-linux-x86_64-debian-clang, r-devel-linux-x86_64-debian-gcc, r-devel-linux-x86_64-fedora-clang, r-devel-linux-x86_64-fedora-gcc, r-devel-windows-x86_64-new-UL, r-devel-windows-x86_64-new-TK, r-devel-windows-x86_64-old, r-patched-linux-x86_64, r-patched-solaris-x86, r-release-linux-x86_64, r-release-macos-arm64, r-release-macos-x86_64, r-release-windows-ix86+x86_64