CRAN Package Check Results for Package ggparty

Last updated on 2024-07-22 06:49:09 CEST.

Flavor Version Tinstall Tcheck Ttotal Status Flags
r-devel-linux-x86_64-debian-clang 1.0.0 9.33 275.31 284.64 NOTE
r-devel-linux-x86_64-debian-gcc 1.0.0 8.69 195.85 204.54 NOTE
r-devel-linux-x86_64-fedora-clang 1.0.0 369.70 NOTE
r-devel-linux-x86_64-fedora-gcc 1.0.0 378.09 NOTE
r-devel-windows-x86_64 1.0.0 11.00 181.00 192.00 NOTE
r-patched-linux-x86_64 1.0.0 15.16 258.52 273.68 NOTE
r-release-linux-x86_64 1.0.0 9.17 252.28 261.45 NOTE
r-release-macos-arm64 1.0.0 84.00 NOTE
r-release-macos-x86_64 1.0.0 139.00 NOTE
r-release-windows-x86_64 1.0.0 11.00 179.00 190.00 NOTE
r-oldrel-macos-arm64 1.0.0 98.00 NOTE
r-oldrel-macos-x86_64 1.0.0 168.00 NOTE
r-oldrel-windows-x86_64 1.0.0 15.00 232.00 247.00 NOTE

Check Details

Version: 1.0.0
Check: LazyData
Result: NOTE 'LazyData' is specified without a 'data' directory Flavors: r-devel-linux-x86_64-debian-clang, r-devel-linux-x86_64-debian-gcc, r-devel-linux-x86_64-fedora-clang, r-devel-linux-x86_64-fedora-gcc, r-devel-windows-x86_64, r-patched-linux-x86_64, r-release-linux-x86_64, r-release-macos-arm64, r-release-macos-x86_64, r-release-windows-x86_64, r-oldrel-macos-arm64, r-oldrel-macos-x86_64, r-oldrel-windows-x86_64

Version: 1.0.0
Check: Rd cross-references
Result: NOTE Found the following Rd file(s) with Rd \link{} targets missing package anchors: geom_edge.Rd: layer, geom_segment geom_edge_label.Rd: geom_label geom_node_label.Rd: ggplot, fortify, borders geom_node_plot.Rd: facet_wrap ggparty.Rd: ggplot Please provide package anchors for all Rd \link{} targets not in the package itself and the base packages. Flavors: r-devel-linux-x86_64-debian-gcc, r-devel-windows-x86_64

Version: 1.0.0
Check: dependencies in R code
Result: NOTE Namespace in Imports field not imported from: ‘survival’ All declared Imports should be used. Flavors: r-devel-linux-x86_64-fedora-clang, r-devel-linux-x86_64-fedora-gcc