CRAN Package Check Results for Package ggparty

Last updated on 2022-11-28 04:54:42 CET.

Flavor Version Tinstall Tcheck Ttotal Status Flags
r-devel-linux-x86_64-debian-clang 1.0.0 14.41 279.49 293.90 NOTE
r-devel-linux-x86_64-debian-gcc 1.0.0 8.10 195.29 203.39 NOTE
r-devel-linux-x86_64-fedora-clang 1.0.0 343.49 NOTE
r-devel-linux-x86_64-fedora-gcc 1.0.0 330.66 NOTE
r-devel-windows-x86_64 1.0.0 27.00 282.00 309.00 NOTE
r-patched-linux-x86_64 1.0.0 15.71 256.26 271.97 NOTE
r-release-linux-x86_64 1.0.0 13.05 246.20 259.25 NOTE
r-release-macos-arm64 1.0.0 102.00 NOTE
r-release-macos-x86_64 1.0.0 191.00 NOTE
r-release-windows-x86_64 1.0.0 33.00 287.00 320.00 NOTE
r-oldrel-macos-arm64 1.0.0 150.00 NOTE
r-oldrel-macos-x86_64 1.0.0 158.00 NOTE
r-oldrel-windows-ix86+x86_64 1.0.0 28.00 285.00 313.00 NOTE

Check Details

Version: 1.0.0
Check: LazyData
Result: NOTE
     'LazyData' is specified without a 'data' directory
Flavors: r-devel-linux-x86_64-debian-clang, r-devel-linux-x86_64-debian-gcc, r-devel-linux-x86_64-fedora-clang, r-devel-linux-x86_64-fedora-gcc, r-devel-windows-x86_64, r-patched-linux-x86_64, r-release-linux-x86_64, r-release-macos-arm64, r-release-macos-x86_64, r-release-windows-x86_64, r-oldrel-macos-arm64, r-oldrel-macos-x86_64, r-oldrel-windows-ix86+x86_64

Version: 1.0.0
Check: dependencies in R code
Result: NOTE
    Namespace in Imports field not imported from: ‘survival’
     All declared Imports should be used.
Flavors: r-devel-linux-x86_64-fedora-clang, r-devel-linux-x86_64-fedora-gcc, r-release-macos-arm64, r-release-macos-x86_64, r-oldrel-macos-arm64, r-oldrel-macos-x86_64