CRAN Package Check Results for Package ggplotlyExtra

Last updated on 2023-01-29 05:49:37 CET.

Flavor Version Tinstall Tcheck Ttotal Status Flags
r-devel-linux-x86_64-debian-clang 0.0.1 6.91 55.19 62.10 NOTE
r-devel-linux-x86_64-debian-gcc 0.0.1 4.83 41.87 46.70 NOTE
r-devel-linux-x86_64-fedora-clang 0.0.1 76.78 NOTE
r-devel-linux-x86_64-fedora-gcc 0.0.1 73.06 NOTE
r-devel-windows-x86_64 0.0.1 13.00 85.00 98.00 NOTE
r-patched-linux-x86_64 0.0.1 12.93 55.51 68.44 NOTE
r-release-linux-x86_64 0.0.1 6.01 55.07 61.08 NOTE
r-release-macos-arm64 0.0.1 26.00 NOTE
r-release-macos-x86_64 0.0.1 42.00 NOTE
r-release-windows-x86_64 0.0.1 18.00 86.00 104.00 NOTE
r-oldrel-macos-arm64 0.0.1 33.00 NOTE
r-oldrel-macos-x86_64 0.0.1 39.00 NOTE
r-oldrel-windows-ix86+x86_64 0.0.1 18.00 81.00 99.00 NOTE

Check Details

Version: 0.0.1
Check: LazyData
Result: NOTE
     'LazyData' is specified without a 'data' directory
Flavors: r-devel-linux-x86_64-debian-clang, r-devel-linux-x86_64-debian-gcc, r-devel-linux-x86_64-fedora-clang, r-devel-linux-x86_64-fedora-gcc, r-devel-windows-x86_64, r-patched-linux-x86_64, r-release-linux-x86_64, r-release-macos-arm64, r-release-macos-x86_64, r-release-windows-x86_64, r-oldrel-macos-arm64, r-oldrel-macos-x86_64, r-oldrel-windows-ix86+x86_64