Last updated on 2023-12-11 05:51:54 CET.
Flavor | Version | Tinstall | Tcheck | Ttotal | Status | Flags |
---|---|---|---|---|---|---|
r-devel-linux-x86_64-debian-clang | 0.0.1 | 5.66 | 51.88 | 57.54 | NOTE | |
r-devel-linux-x86_64-debian-gcc | 0.0.1 | 5.40 | 38.92 | 44.32 | NOTE | |
r-devel-linux-x86_64-fedora-clang | 0.0.1 | 72.47 | NOTE | |||
r-devel-linux-x86_64-fedora-gcc | 0.0.1 | 66.67 | NOTE | |||
r-devel-windows-x86_64 | 0.0.1 | 7.00 | 58.00 | 65.00 | NOTE | |
r-patched-linux-x86_64 | 0.0.1 | 9.49 | 49.05 | 58.54 | NOTE | |
r-release-linux-x86_64 | 0.0.1 | 4.15 | 49.78 | 53.93 | NOTE | |
r-release-macos-arm64 | 0.0.1 | 25.00 | NOTE | |||
r-release-macos-x86_64 | 0.0.1 | 36.00 | NOTE | |||
r-release-windows-x86_64 | 0.0.1 | 8.00 | 63.00 | 71.00 | NOTE | |
r-oldrel-macos-arm64 | 0.0.1 | 26.00 | NOTE | |||
r-oldrel-macos-x86_64 | 0.0.1 | 42.00 | NOTE | |||
r-oldrel-windows-x86_64 | 0.0.1 | 9.00 | 70.00 | 79.00 | NOTE |
Version: 0.0.1
Check: LazyData
Result: NOTE
'LazyData' is specified without a 'data' directory
Flavors: r-devel-linux-x86_64-debian-clang, r-devel-linux-x86_64-debian-gcc, r-devel-linux-x86_64-fedora-clang, r-devel-linux-x86_64-fedora-gcc, r-devel-windows-x86_64, r-patched-linux-x86_64, r-release-linux-x86_64, r-release-macos-arm64, r-release-macos-x86_64, r-release-windows-x86_64, r-oldrel-macos-arm64, r-oldrel-macos-x86_64, r-oldrel-windows-x86_64