CRAN Package Check Results for Package ggpval

Last updated on 2021-06-14 05:50:33 CEST.

Flavor Version Tinstall Tcheck Ttotal Status Flags
r-devel-linux-x86_64-debian-clang 0.2.4 4.43 59.82 64.25 NOTE
r-devel-linux-x86_64-debian-gcc 0.2.4 3.69 44.16 47.85 NOTE
r-devel-linux-x86_64-fedora-clang 0.2.4 85.53 NOTE
r-devel-linux-x86_64-fedora-gcc 0.2.4 73.64 NOTE
r-devel-windows-x86_64 0.2.4 9.00 80.00 89.00 NOTE
r-devel-windows-x86_64-gcc10-UCRT 0.2.4 NOTE
r-patched-linux-x86_64 0.2.4 3.88 55.47 59.35 NOTE
r-patched-solaris-x86 0.2.4 105.00 NOTE
r-release-linux-x86_64 0.2.4 4.28 55.78 60.06 NOTE
r-release-macos-arm64 0.2.4 NOTE
r-release-macos-x86_64 0.2.4 NOTE
r-release-windows-ix86+x86_64 0.2.4 22.00 78.00 100.00 NOTE
r-oldrel-macos-x86_64 0.2.4 OK
r-oldrel-windows-ix86+x86_64 0.2.4 19.00 79.00 98.00 OK

Check Details

Version: 0.2.4
Check: LazyData
Result: NOTE
     'LazyData' is specified without a 'data' directory
Flavors: r-devel-linux-x86_64-debian-clang, r-devel-linux-x86_64-debian-gcc, r-devel-linux-x86_64-fedora-clang, r-devel-linux-x86_64-fedora-gcc, r-devel-windows-x86_64, r-devel-windows-x86_64-gcc10-UCRT, r-patched-linux-x86_64, r-patched-solaris-x86, r-release-linux-x86_64, r-release-macos-arm64, r-release-macos-x86_64, r-release-windows-ix86+x86_64