CRAN Package Check Results for Package ggrepel

Last updated on 2019-08-25 05:46:48 CEST.

Flavor Version Tinstall Tcheck Ttotal Status Flags
r-devel-linux-x86_64-debian-clang 0.8.1 19.73 63.72 83.45 OK
r-devel-linux-x86_64-debian-gcc 0.8.1 15.06 50.61 65.67 OK
r-devel-linux-x86_64-fedora-clang 0.8.1 108.05 OK
r-devel-linux-x86_64-fedora-gcc 0.8.1 104.03 OK
r-devel-windows-ix86+x86_64 0.8.1 40.00 97.00 137.00 OK
r-patched-linux-x86_64 0.8.1 18.63 62.85 81.48 OK
r-patched-solaris-x86 0.8.1 137.90 OK
r-release-linux-x86_64 0.8.1 17.94 62.72 80.66 OK
r-release-windows-ix86+x86_64 0.8.1 54.00 161.00 215.00 OK
r-release-osx-x86_64 0.8.1 OK
r-oldrel-windows-ix86+x86_64 0.8.1 52.00 158.00 210.00 WARN
r-oldrel-osx-x86_64 0.8.1 OK

Check Details

Version: 0.8.1
Check: whether package can be installed
Result: WARN
    Found the following significant warnings:
     Warning: S3 methods '[.fun_list', '[.grouped_df', 'all.equal.tbl_df', 'anti_join.data.frame', 'anti_join.tbl_df', 'arrange.data.frame', 'arrange.default', 'arrange.grouped_df', 'arrange.tbl_df', 'arrange_.data.frame', 'arrange_.tbl_df', 'as.data.frame.grouped_df', 'as.data.frame.rowwise_df', 'as.data.frame.tbl_cube', 'as.table.tbl_cube', 'as.tbl.data.frame', 'as.tbl.tbl', 'as.tbl_cube.array', 'as.tbl_cube.data.frame', 'as.tbl_cube.matrix', 'as.tbl_cube.table', 'as_tibble.grouped_df', 'as_tibble.tbl_cube', 'auto_copy.tbl_cube', 'auto_copy.tbl_df', 'cbind.grouped_df', 'collapse.data.frame', 'collect.data.frame', 'common_by.NULL', 'common_by.character', 'common_by.default', 'common_by.list', 'compute.data.frame', 'copy_to.DBIConnection', 'copy_to.src_local', 'default_missing.data.frame', 'default_missing.default', 'dim.tbl_cube', 'distinct.data.frame', 'distinct.default', 'distinct.grouped_df', 'distinct.tbl_df', 'distinct_.data.frame', 'distinct_.grouped_df', 'distinct_.tbl_df', 'do.NULL', 'do.da [... truncated]
Flavor: r-oldrel-windows-ix86+x86_64