CRAN Package Check Results for Package ggseg3d

Last updated on 2021-10-27 05:55:09 CEST.

Flavor Version Tinstall Tcheck Ttotal Status Flags
r-devel-linux-x86_64-debian-clang 1.6.3 16.36 84.10 100.46 OK
r-devel-linux-x86_64-debian-gcc 1.6.3 14.59 64.35 78.94 OK
r-devel-linux-x86_64-fedora-clang 1.6.3 131.39 NOTE
r-devel-linux-x86_64-fedora-gcc 1.6.3 118.98 NOTE
r-devel-windows-x86_64 1.6.3 29.00 110.00 139.00 OK
r-devel-windows-x86_64-gcc10-UCRT 1.6.3 NOTE
r-patched-linux-x86_64 1.6.3 17.03 79.14 96.17 OK
r-patched-solaris-x86 1.6.3 187.70 NOTE
r-release-linux-x86_64 1.6.3 16.60 79.56 96.16 OK
r-release-macos-arm64 1.6.3 NOTE
r-release-macos-x86_64 1.6.3 NOTE
r-release-windows-ix86+x86_64 1.6.3 23.00 111.00 134.00 OK
r-oldrel-macos-x86_64 1.6.3 NOTE
r-oldrel-windows-ix86+x86_64 1.6.3 31.00 107.00 138.00 OK

Check Details

Version: 1.6.3
Check: dependencies in R code
Result: NOTE
    Namespaces in Imports field not imported from:
     ‘magrittr’ ‘utils’
     All declared Imports should be used.
Flavors: r-devel-linux-x86_64-fedora-clang, r-devel-linux-x86_64-fedora-gcc, r-devel-windows-x86_64-gcc10-UCRT, r-patched-solaris-x86, r-release-macos-arm64, r-release-macos-x86_64, r-oldrel-macos-x86_64