CRAN Package Check Results for Package ggstatsplot

Last updated on 2019-12-09 05:47:13 CET.

Flavor Version Tinstall Tcheck Ttotal Status Flags
r-devel-linux-x86_64-debian-clang 0.1.3 26.84 323.85 350.69 OK
r-devel-linux-x86_64-debian-gcc 0.1.3 22.23 247.40 269.63 OK
r-devel-linux-x86_64-fedora-clang 0.1.3 436.26 OK
r-devel-linux-x86_64-fedora-gcc 0.1.3 424.79 OK
r-devel-windows-ix86+x86_64 0.1.3 82.00 494.00 576.00 OK
r-devel-windows-ix86+x86_64-gcc8 0.1.3 114.00 360.00 474.00 OK
r-patched-linux-x86_64 0.1.3 24.09 282.45 306.54 OK
r-patched-solaris-x86 0.1.3 531.70 OK
r-release-linux-x86_64 0.1.3 23.49 284.33 307.82 OK
r-release-windows-ix86+x86_64 0.1.3 62.00 320.00 382.00 OK
r-release-osx-x86_64 0.1.3 OK
r-oldrel-windows-ix86+x86_64 0.1.3 40.00 286.00 326.00 OK
r-oldrel-osx-x86_64 0.1.3 ERROR

Check Details

Version: 0.1.3
Check: package dependencies
Result: ERROR
    Package required but not available: ‘statsExpressions’
    
    Packages required and available but unsuitable versions:
     ‘groupedstats’ ‘pairwiseComparisons’
    
    See section ‘The DESCRIPTION file’ in the ‘Writing R Extensions’
    manual.
Flavor: r-oldrel-osx-x86_64